Forecast Directory
U.S. Alerts  
El Dorado Weather Logo
U.S. Color IR Sat North America Color Background Satellite Thumb
Norcal Dual-Pol Radar Live Northern California Doppler Radar Thumbnail Image
W. Coast IR Satellite West Coast Infrared Satellite
Live Lightning Radar Placerville California Lightning Detection Radar Thumbnail Image
Live Streaming Webcam Placerville California Live Streaming WebCam Thumbnail Image
Local Wx Station Data Sacramento, Northern Sierra Nevada & the Motherlode Area Current Weather Conditions
NOAA Climate Report From: Placerville, Ca. (EDWPC)
Archives below starts from 6/22/2006 to the present:
2022: Jan | Feb | Mar | Apr | May | Jun | Jul | Aug | Sep | Oct | Nov | Dec 
2021: Jan | Feb | Mar | Apr | May | Jun | Jul | Aug | Sep | Oct | Nov | Dec 
2020: Jan | Feb | Mar | Apr | May | Jun | Jul | Aug | Sep | Oct | Nov | Dec 
2019: Jan | Feb | Mar | Apr | May | Jun | Jul | Aug | Sep | Oct | Nov | Dec 
2018: Jan | Feb | Mar | Apr | May | Jun | Jul | Aug | Sep | Oct | Nov | Dec 
2017: Jan | Feb | Mar | Apr | May | Jun | Jul | Aug | Sep | Oct | Nov | Dec 
2016: Jan | Feb | Mar | Apr | May | Jun | Jul | Aug | Sep | Oct | Nov | Dec 
2015: Jan | Feb | Mar | Apr | May | Jun | Jul | Aug | Sep | Oct | Nov | Dec 
2014: Jan | Feb | Mar | Apr | May | Jun | Jul | Aug | Sep | Oct | Nov | Dec 
2013: Jan | Feb | Mar | Apr | May | Jun | Jul | Aug | Sep | Oct | Nov | Dec 
2012: Jan | Feb | Mar | Apr | May | Jun | Jul | Aug | Sep | Oct | Nov | Dec 
2011: Jan | Feb | Mar | Apr | May | Jun | Jul | Aug | Sep | Oct | Nov | Dec 
2010: Jan | Feb | Mar | Apr | May | Jun | Jul | Aug | Sep | Oct | Nov | Dec 
2009: Jan | Feb | Mar | Apr | May | Jun | Jul | Aug | Sep | Oct | Nov | Dec 
2008: Jan | Feb | Mar | Apr | May | Jun | Jul | Aug | Sep | Oct | Nov | Dec 
2007: Jan | Feb | Mar | Apr | May | Jun | Jul | Aug | Sep | Oct | Nov | Dec 
 2006: Jan | Feb | Mar | Apr | May | Jun | Jul | Aug | Sep | Oct | Nov | Dec 

Report for 2022 06 MONTHLY CLIMATOLOGICAL SUMMARY FOR 6/2022 HEAT COOL MEAN DEG DEG WIND SPEED DOM MEAN MEAN DAY TEMP HIGH TIME LOW TIME DAYS DAYS RAIN AVG HI TIME DIR BAROM HUM --------------------------------------------------------------------------------------- 1 72.7 91.8 3:41pm 55.7 5:21am 8 11 0.00 0 4 12:00am ENE1014.19 34 2 73.4 88.9 3:27pm 61.4 6:48am 6 10 0.00 0 4 12:00am N1011.64 36 3 4 5 6 70.6 87.5 5:53pm 55.5 6:45am 7 8 0.00 0 10 3:36pm N1015.71 59 7 72.5 91.6 4:49pm 55.6 6:37am 7 11 0.00 0 9 2:20pm N1014.41 42 8 73.8 90.2 4:50pm 60.1 2:22am 6 11 0.00 0 0 12:00am NNW1013.54 45 9 77.4 96.7 4:05pm 62.1 4:58am 4 14 0.00 0 0 12:00am NNE1013.09 48 10 81.3 99.6 3:05pm 65.3 4:54am 3 17 0.00 0 0 12:00am NNE1014.24 41 11 79.8 96.7 3:45pm 63.7 6:04am 3 16 0.00 0 0 12:00am NW1014.19 42 12 68.6 77.7 5:18pm 60.4 11:58pm 7 5 0.00 0 0 12:00am S1012.02 67 13 65.7 80.6 4:17pm 52.4 6:39am 10 5 0.00 0 0 12:00am N1016.48 52 14 68.7 87.8 6:17pm 50.4 5:59am 10 8 0.00 0 0 12:00am N1016.33 35 15 74.9 95.3 3:49pm 57.4 4:32am 6 13 0.00 0 0 12:00am NW1013.27 30 16 68.1 84.2 3:22pm 54.9 6:20am 9 7 0.00 0 0 12:00am NW1011.17 34 17 58.4 69.3 3:34pm 49.2 6:34am 17 1 0.00 1 0 12:00am NW1013.32 56 18 59.5 75.1 5:34pm 44.3 6:23am 15 3 0.00 0 0 12:00am NNE1016.82 55 19 65.5 83.4 5:32pm 49.3 5:31am 11 6 0.00 0 4 9:26am NNE1019.39 42 20 72.0 90.7 4:41pm 54.4 6:52am 7 11 0.00 0 0 12:00am NNE1017.20 38 21 83.0 101.7 4:24pm 63.6 1:29am 2 19 0.00 0 0 12:00am NNE1013.61 22 22 80.4 93.3 11:57am 68.1 3:11am 2 16 0.00 0 0 12:00am NNW1013.52 28 23 82.3 97.6 5:07pm 69.0 3:46am 1 18 0.00 0 0 12:00am NNE1012.90 33 24 82.4 100.5 6:05pm 66.4 6:51am 2 18 0.00 0 0 12:00am NE1012.10 30 25 82.3 101.4 4:52pm 66.9 2:44am 3 18 0.00 0 0 12:00am NNE1013.23 26 26 82.2 101.4 6:14pm 63.5 6:49am 3 18 0.00 0 3 2:22pm NNE1016.09 29 27 83.4 101.9 4:06pm 66.8 4:59am 2 19 0.00 0 3 12:00am NNW1017.28 24 28 82.2 101.1 3:28pm 67.2 7:24am 3 18 0.00 0 3 12:00am N1016.81 20 29 77.7 95.5 3:52pm 60.8 6:22am 5 14 0.00 0 3 12:00am NW1016.01 24 30 73.5 91.1 5:03pm 56.7 6:35am 6 11 0.00 0 3 12:00am NNW1016.19 37 --------------------------------------------------------------------------------------- TOT 74.3 101.9 6/27/22 44.3 6/18/22 165 327 0.28 0 10 6/6/22 N1014.48 39 HEAT BASE: 75.0 COOL BASE: 64.0



Contact Us Contact Us Thumbnail | Mobile Mobile Phone Thumbnail
Never base any life decisions on weather information from this site or anywhere over the Internet.
Site is dedicated to our Lord & Savior Jesus Christ | Random Quotes of Jesus

Copyright © 2022 El Dorado Weather, Inc. | Site Designed By:  Webmaster Danny