World Forecast Directory U.S. Weather Alerts
El Dorado Weather Logo
U.S. Color IR Sat North America Color Background Satellite Thumb
Norcal Dual-Pol Radar Live Northern California Doppler Radar Thumbnail Image
Pacific NW Visible Sat Regional U.S. Radar
Storm Cell Tracking Live Northern California Radar and Satellite Thumbnail Image
Street Level Radar Live U.S. Google Map Radar Thumbnail Image
Live Lightning Radar Placerville California Lightning Detection Radar Thumbnail Image
Live Streaming Webcam Placerville California Live Streaming WebCam Thumbnail Image
Local Wx Station Data Sacramento, Northern Sierra Nevada & the Motherlode Area Current Weather Conditions

NOAA Climate Report From: Placerville, Ca. Weather Station (EDWPC)

Archives below start from 6/22/2006 to the present:
2018: Jan | Feb | Mar | Apr | May | Jun | Jul | Aug | Sep | Oct | Nov | Dec 
2017: Jan | Feb | Mar | Apr | May | Jun | Jul | Aug | Sep | Oct | Nov | Dec 
2016: Jan | Feb | Mar | Apr | May | Jun | Jul | Aug | Sep | Oct | Nov | Dec 
2015: Jan | Feb | Mar | Apr | May | Jun | Jul | Aug | Sep | Oct | Nov | Dec 
2014: Jan | Feb | Mar | Apr | May | Jun | Jul | Aug | Sep | Oct | Nov | Dec 
2013: Jan | Feb | Mar | Apr | May | Jun | Jul | Aug | Sep | Oct | Nov | Dec 
2012: Jan | Feb | Mar | Apr | May | Jun | Jul | Aug | Sep | Oct | Nov | Dec 
2011: Jan | Feb | Mar | Apr | May | Jun | Jul | Aug | Sep | Oct | Nov | Dec 
2010: Jan | Feb | Mar | Apr | May | Jun | Jul | Aug | Sep | Oct | Nov | Dec 
2009: Jan | Feb | Mar | Apr | May | Jun | Jul | Aug | Sep | Oct | Nov | Dec 
2008: Jan | Feb | Mar | Apr | May | Jun | Jul | Aug | Sep | Oct | Nov | Dec 
2007: Jan | Feb | Mar | Apr | May | Jun | Jul | Aug | Sep | Oct | Nov | Dec 
 2006: Jan | Feb | Mar | Apr | May | Jun | Jul | Aug | Sep | Oct | Nov | Dec 

Report for 2018 06 MONTHLY CLIMATOLOGICAL SUMMARY FOR 6/2018 HEAT COOL MEAN DEG DEG WIND SPEED DOM MEAN MEAN DAY TEMP HIGH TIME LOW TIME DAYS DAYS RAIN AVG HI TIME DIR BAROM HUM --------------------------------------------------------------------------------------- 1 64.0 85.5 4:57pm 44.9 6:32am 13 6 0.00 0 2 12:00am NW1019.51 52 2 73.5 96.6 3:51pm 54.6 4:27am 8 12 0.00 0 2 12:00am W1017.29 47 3 78.8 99.6 4:59pm 63.1 5:08am 4 15 0.00 0 0 12:00am W1013.81 40 4 74.3 90.5 2:57pm 60.6 11:58pm 5 11 0.00 0 0 12:00am W1012.72 38 5 68.4 88.5 3:51pm 51.4 6:36am 9 8 0.00 0 0 12:00am W1013.00 44 6 65.2 83.1 5:15pm 51.4 6:30am 11 5 0.00 0 0 12:00am W1013.00 55 7 66.0 85.6 4:07pm 51.1 7:11am 11 6 0.00 0 0 12:00am W1016.65 59 8 70.2 89.3 4:15pm 53.1 7:19am 9 9 0.00 0 0 12:00am W1017.70 50 9 63.9 76.6 2:41pm 54.6 11:55pm 11 3 0.00 0 0 12:00am W1018.45 55 10 63.9 82.9 4:52pm 47.4 6:23am 12 5 0.00 0 0 12:00am WNW1019.17 44 11 69.6 92.3 4:37pm 51.1 5:56am 9 9 0.00 0 0 12:00am WNW1014.78 43 12 76.3 98.7 5:02pm 57.8 5:03am 6 14 0.00 0 0 12:00am W1011.60 43 13 79.8 100.6 5:08pm 63.9 6:22am 4 16 0.00 0 0 12:00am W1009.68 40 14 75.3 94.2 5:22pm 59.0 7:06am 5 12 0.00 0 4 11:23am W1008.98 41 15 71.6 88.4 4:00pm 57.5 6:17am 7 9 0.00 0 4 12:00am W1007.21 46 16 67.2 85.6 3:43pm 52.4 6:38am 10 7 0.00 0 4 12:00am W1006.85 55 17 62.0 79.3 5:00pm 47.4 5:53am 13 4 0.00 0 4 12:00am W1013.92 59 18 68.8 87.9 4:58pm 51.9 6:19am 9 8 0.00 0 4 12:00am WNW1017.64 52 19 74.2 93.6 5:25pm 57.8 6:41am 6 12 0.00 0 4 12:00am W1016.72 50 20 75.7 94.6 5:26pm 62.4 11:59pm 5 12 0.00 0 4 12:00am W1015.74 45 21 64.1 88.8 11:59am 54.8 6:34am 6 2 0.00 0 4 12:00am W1016.24 58 --------------------------------------------------------------------------------------- TOT 70.3 100.6 6/13/18 44.9 6/1/18 174 186 0.00 0 4 6/14/18 W1014.26 48 HEAT BASE: 75.0 COOL BASE: 64.0

Google



Contact Us | Mobile
Never base any life decisions on weather information from this site or anywhere over the Internet.
Site is dedicated to our Lord & Savior Jesus Christ (Yeshua Messiah) | Random Quotes

Copyright © 2018 El Dorado Weather, Inc. | Site Designed By:  El Dorado Weather