World Forecast Directory U.S. Weather Alerts
El Dorado Weather Logo
U.S. Color IR Sat North America Color Background Satellite Thumb
Norcal Dual-Pol Radar Live Northern California Doppler Radar Thumbnail Image
Pacific NW Visible Sat Regional U.S. Radar
Storm Cell Tracking Live Northern California Radar and Satellite Thumbnail Image
Street Level Radar Live U.S. Google Map Radar Thumbnail Image
Live Lightning Radar Placerville California Lightning Detection Radar Thumbnail Image
Live Streaming Webcam Placerville California Live Streaming WebCam Thumbnail Image
Local Wx Station Data Sacramento, Northern Sierra Nevada & the Motherlode Area Current Weather Conditions

NOAA Climate Report From: Placerville, Ca. Weather Station (EDWPC)

Archives below start from 6/22/2006 to the present:
2019: Jan | Feb | Mar | Apr | May | Jun | Jul | Aug | Sep | Oct | Nov | Dec 
2018: Jan | Feb | Mar | Apr | May | Jun | Jul | Aug | Sep | Oct | Nov | Dec 
2017: Jan | Feb | Mar | Apr | May | Jun | Jul | Aug | Sep | Oct | Nov | Dec 
2016: Jan | Feb | Mar | Apr | May | Jun | Jul | Aug | Sep | Oct | Nov | Dec 
2015: Jan | Feb | Mar | Apr | May | Jun | Jul | Aug | Sep | Oct | Nov | Dec 
2014: Jan | Feb | Mar | Apr | May | Jun | Jul | Aug | Sep | Oct | Nov | Dec 
2013: Jan | Feb | Mar | Apr | May | Jun | Jul | Aug | Sep | Oct | Nov | Dec 
2012: Jan | Feb | Mar | Apr | May | Jun | Jul | Aug | Sep | Oct | Nov | Dec 
2011: Jan | Feb | Mar | Apr | May | Jun | Jul | Aug | Sep | Oct | Nov | Dec 
2010: Jan | Feb | Mar | Apr | May | Jun | Jul | Aug | Sep | Oct | Nov | Dec 
2009: Jan | Feb | Mar | Apr | May | Jun | Jul | Aug | Sep | Oct | Nov | Dec 
2008: Jan | Feb | Mar | Apr | May | Jun | Jul | Aug | Sep | Oct | Nov | Dec 
2007: Jan | Feb | Mar | Apr | May | Jun | Jul | Aug | Sep | Oct | Nov | Dec 
 2006: Jan | Feb | Mar | Apr | May | Jun | Jul | Aug | Sep | Oct | Nov | Dec 

Report for 2019 03 MONTHLY CLIMATOLOGICAL SUMMARY FOR 3/2019 HEAT COOL MEAN DEG DEG WIND SPEED DOM MEAN MEAN DAY TEMP HIGH TIME LOW TIME DAYS DAYS RAIN AVG HI TIME DIR BAROM HUM --------------------------------------------------------------------------------------- 1 48.9 53.3 1:03pm 45.0 12:00am 26 0 0.01 0 1 10:04pm NNW1020.99 85 2 49.5 54.1 1:57pm 46.3 5:31am 25 0 0.34 0 10 3:54am NNW1014.89 92 3 49.7 51.5 5:17pm 45.7 11:57pm 25 0 0.87 0 0 12:00am NNW1019.89 94 4 47.9 54.2 1:34pm 43.7 4:43am 27 0 0.01 0 0 12:00am NNW1022.15 84 5 48.0 50.6 11:35am 45.0 3:01am 27 0 0.16 0 0 12:00am NNW1015.34 89 6 49.5 53.7 2:43pm 45.9 10:36pm 25 0 0.71 1 0 12:00am NNW1010.53 92 7 44.5 46.3 2:02pm 41.2 11:09pm 31 0 0.76 0 0 12:00am NNW1018.82 93 8 42.9 51.9 1:02pm 38.0 6:20am 32 0 0.00 0 0 12:00am NW1019.89 79 9 42.3 48.8 11:45am 34.6 6:28am 33 0 0.00 0 0 12:00am NNW1018.28 74 10 44.2 58.2 2:02pm 37.1 8:12am 29 0 0.02 0 0 12:00am NNW1018.24 73 11 47.5 64.4 2:17pm 34.4 6:21am 27 0 0.00 0 0 12:00am N1019.69 65 12 46.3 58.6 4:47pm 36.9 11:59pm 29 0 0.00 0 0 12:00am NNW1014.88 61 13 43.8 61.6 3:10pm 29.1 7:52am 31 0 0.00 0 0 12:00am N1023.87 58 14 47.2 64.0 3:52pm 33.8 7:50am 28 0 0.00 0 0 12:00am NNW1027.60 50 15 51.0 67.7 2:56pm 38.6 7:45am 24 0 0.00 0 0 12:00am NNW1026.28 53 16 53.0 71.5 2:58pm 38.7 7:53am 22 1 0.00 0 0 12:00am NNW1023.88 54 17 55.9 75.3 3:03pm 43.6 7:28am 19 2 0.00 0 0 12:00am NNW1022.13 57 18 51.6 73.5 11:58am 45.8 2:04am 12 0 0.00 0 0 12:00am NNW1019.40 54 --------------------------------------------------------------------------------------- TOT 47.9 75.3 3/17/19 29.1 3/13/19 473 4 2.88 0 10 3/2/19 NNW1019.81 73 HEAT BASE: 75.0 COOL BASE: 64.0

Google


Contact Us | Mobile
Never base any life decisions on weather information from this site or anywhere over the Internet.
Site is dedicated to our Lord & Savior Jesus Christ | Random Quotes

Copyright © 2019 El Dorado Weather, Inc. | Site Designed By:  El Dorado Weather