Forecast Directory
U.S. Alerts
El Dorado Weather Logo
U.S. Color IR Sat North America Color Background Satellite Thumb
Norcal Dual-Pol Radar Live Northern California Doppler Radar Thumbnail Image
W. Coast IR Satellite West Coast Infrared Satellite
Live Lightning Radar Placerville California Lightning Detection Radar Thumbnail Image
Live Streaming Webcam Placerville California Live Streaming WebCam Thumbnail Image
Local Wx Station Data Sacramento, Northern Sierra Nevada & the Motherlode Area Current Weather Conditions
NOAA Climate Report From: Placerville, Ca. (EDWPC)
Archives below starts from 6/22/2006 to the present:
2022: Jan | Feb | Mar | Apr | May | Jun | Jul | Aug | Sep | Oct | Nov | Dec 
2021: Jan | Feb | Mar | Apr | May | Jun | Jul | Aug | Sep | Oct | Nov | Dec 
2020: Jan | Feb | Mar | Apr | May | Jun | Jul | Aug | Sep | Oct | Nov | Dec 
2019: Jan | Feb | Mar | Apr | May | Jun | Jul | Aug | Sep | Oct | Nov | Dec 
2018: Jan | Feb | Mar | Apr | May | Jun | Jul | Aug | Sep | Oct | Nov | Dec 
2017: Jan | Feb | Mar | Apr | May | Jun | Jul | Aug | Sep | Oct | Nov | Dec 
2016: Jan | Feb | Mar | Apr | May | Jun | Jul | Aug | Sep | Oct | Nov | Dec 
2015: Jan | Feb | Mar | Apr | May | Jun | Jul | Aug | Sep | Oct | Nov | Dec 
2014: Jan | Feb | Mar | Apr | May | Jun | Jul | Aug | Sep | Oct | Nov | Dec 
2013: Jan | Feb | Mar | Apr | May | Jun | Jul | Aug | Sep | Oct | Nov | Dec 
2012: Jan | Feb | Mar | Apr | May | Jun | Jul | Aug | Sep | Oct | Nov | Dec 
2011: Jan | Feb | Mar | Apr | May | Jun | Jul | Aug | Sep | Oct | Nov | Dec 
2010: Jan | Feb | Mar | Apr | May | Jun | Jul | Aug | Sep | Oct | Nov | Dec 
2009: Jan | Feb | Mar | Apr | May | Jun | Jul | Aug | Sep | Oct | Nov | Dec 
2008: Jan | Feb | Mar | Apr | May | Jun | Jul | Aug | Sep | Oct | Nov | Dec 
2007: Jan | Feb | Mar | Apr | May | Jun | Jul | Aug | Sep | Oct | Nov | Dec 
 2006: Jan | Feb | Mar | Apr | May | Jun | Jul | Aug | Sep | Oct | Nov | Dec 

Report for 2022 05 MONTHLY CLIMATOLOGICAL SUMMARY FOR 5/2022 HEAT COOL MEAN DEG DEG WIND SPEED DOM MEAN MEAN DAY TEMP HIGH TIME LOW TIME DAYS DAYS RAIN AVG HI TIME DIR BAROM HUM --------------------------------------------------------------------------------------- 1 59.4 79.4 5:15pm 42.7 6:07am 16 4 0.00 0 0 12:00am SSW1014.79 58 2 57.1 70.3 5:09pm 47.0 6:39am 18 1 0.00 0 0 12:00am S1016.92 57 3 59.7 80.2 4:54pm 41.3 6:29am 16 4 0.00 0 0 12:00am SW1017.59 50 4 67.0 87.3 4:42pm 49.7 6:49am 11 8 0.00 0 0 12:00am S1016.23 42 5 63.3 74.0 1:11pm 54.0 4:34am 12 3 0.00 0 6 11:44am S1017.95 49 6 59.9 71.5 12:30pm 47.8 6:22am 15 2 0.00 0 6 12:00am E1019.83 68 7 58.4 72.2 3:53pm 47.8 7:05am 17 2 0.00 0 3 12:00am ENE1018.24 63 8 48.6 56.9 4:32pm 37.5 11:56pm 26 0 0.06 0 3 12:00am E1016.31 66 9 45.4 59.4 2:34pm 36.1 4:52am 30 0 0.02 0 10 12:29pm NNE1019.91 69 10 45.6 59.4 1:59pm 34.1 6:38am 29 0 0.01 0 4 12:00am NNE1023.73 66 11 50.6 69.5 3:32pm 35.0 6:05am 24 1 0.00 0 4 12:00am ENE1025.77 55 12 54.8 73.1 4:42pm 40.0 6:15am 20 1 0.00 0 4 12:00am N1027.67 49 13 61.6 80.5 4:58pm 44.2 6:06am 14 5 0.00 0 4 12:00am NE1024.49 43 14 69.1 90.0 4:20pm 52.0 6:27am 10 9 0.00 0 4 12:00am N1019.66 47 15 71.5 90.2 3:18pm 56.2 5:17am 7 9 0.00 0 4 12:00am NW1015.62 51 16 64.9 82.3 4:43pm 49.9 6:15am 11 5 0.00 0 4 12:00am NW1017.37 56 17 57.6 77.8 11:55am 51.3 5:41am 9 1 0.00 0 4 12:00am N1017.36 63 --------------------------------------------------------------------------------------- TOT 58.5 90.2 5/15/22 34.1 5/10/22 286 55 0.09 0 10 5/9/22 NE1019.43 56 HEAT BASE: 75.0 COOL BASE: 64.0



Contact Us | Mobile
Never base any life decisions on weather information from this site or anywhere over the Internet.
Site is dedicated to our Lord & Savior Jesus Christ | Random Quotes of Jesus

Copyright © 2022 El Dorado Weather, Inc. | Site Designed By:  El Dorado Weather