Forecast Directory
U.S. Alerts
El Dorado Weather Logo
U.S. Color IR Sat North America Color Background Satellite Thumb
Norcal Dual-Pol Radar Live Northern California Doppler Radar Thumbnail Image
W. Coast IR Satellite West Coast Infrared Satellite
Storm Cell Tracking Live Northern California Radar and Satellite Thumbnail Image
Street Level Radar Live U.S. Google Map Radar Thumbnail Image
Live Lightning Radar Placerville California Lightning Detection Radar Thumbnail Image
Live Streaming Webcam Placerville California Live Streaming WebCam Thumbnail Image
Local Wx Station Data Sacramento, Northern Sierra Nevada & the Motherlode Area Current Weather Conditions

NOAA Climate Report From: Placerville, Ca. Weather Station (EDWPC)

Archives below start from 6/22/2006 to the present:
2020: Jan | Feb | Mar | Apr | May | Jun | Jul | Aug | Sep | Oct | Nov | Dec 
2019: Jan | Feb | Mar | Apr | May | Jun | Jul | Aug | Sep | Oct | Nov | Dec 
2018: Jan | Feb | Mar | Apr | May | Jun | Jul | Aug | Sep | Oct | Nov | Dec 
2017: Jan | Feb | Mar | Apr | May | Jun | Jul | Aug | Sep | Oct | Nov | Dec 
2016: Jan | Feb | Mar | Apr | May | Jun | Jul | Aug | Sep | Oct | Nov | Dec 
2015: Jan | Feb | Mar | Apr | May | Jun | Jul | Aug | Sep | Oct | Nov | Dec 
2014: Jan | Feb | Mar | Apr | May | Jun | Jul | Aug | Sep | Oct | Nov | Dec 
2013: Jan | Feb | Mar | Apr | May | Jun | Jul | Aug | Sep | Oct | Nov | Dec 
2012: Jan | Feb | Mar | Apr | May | Jun | Jul | Aug | Sep | Oct | Nov | Dec 
2011: Jan | Feb | Mar | Apr | May | Jun | Jul | Aug | Sep | Oct | Nov | Dec 
2010: Jan | Feb | Mar | Apr | May | Jun | Jul | Aug | Sep | Oct | Nov | Dec 
2009: Jan | Feb | Mar | Apr | May | Jun | Jul | Aug | Sep | Oct | Nov | Dec 
2008: Jan | Feb | Mar | Apr | May | Jun | Jul | Aug | Sep | Oct | Nov | Dec 
2007: Jan | Feb | Mar | Apr | May | Jun | Jul | Aug | Sep | Oct | Nov | Dec 
 2006: Jan | Feb | Mar | Apr | May | Jun | Jul | Aug | Sep | Oct | Nov | Dec 

Report for 2020 01 MONTHLY CLIMATOLOGICAL SUMMARY FOR 1/2020 HEAT COOL MEAN DEG DEG WIND SPEED DOM MEAN MEAN DAY TEMP HIGH TIME LOW TIME DAYS DAYS RAIN AVG HI TIME DIR BAROM HUM --------------------------------------------------------------------------------------- 1 46.9 60.4 12:40pm 41.0 11:44pm 28 0 0.00 0 16 12:00am NNE1023.44 76 2 47.1 64.5 2:41pm 38.4 7:51am 28 0 0.00 0 16 12:00am NE1023.26 70 3 47.2 63.0 3:08pm 38.9 5:53am 28 0 0.00 0 0 12:00am NNE1027.45 73 4 47.9 61.8 1:14pm 42.3 2:25am 27 0 0.02 0 0 12:00am NE1031.54 79 5 45.7 57.0 2:10pm 36.3 11:55pm 29 0 0.00 0 0 12:00am NE1036.12 81 6 42.5 57.6 2:43pm 33.6 6:47am 32 0 0.00 0 0 12:00am NNE1034.72 75 7 44.8 59.4 12:34pm 35.9 7:43am 30 0 0.02 0 0 12:00am NNE1025.86 76 8 44.0 48.4 3:29pm 41.7 4:39am 31 0 0.01 0 0 12:00am NE1022.82 86 9 41.3 46.5 3:01pm 33.5 11:57pm 34 0 0.51 0 0 12:00am NW1022.01 89 10 41.3 56.0 2:16pm 30.8 6:32am 34 0 0.00 0 0 12:00am NNE1029.27 80 11 43.1 50.9 2:10pm 36.6 11:56pm 32 0 0.10 0 0 12:00am NNE1027.05 85 12 39.8 48.3 3:05pm 33.2 7:34am 35 0 0.00 0 0 12:00am NNE1025.55 82 13 43.0 49.2 1:59pm 40.3 1:55am 32 0 0.22 0 11 1:54pm WNW1025.16 86 14 41.8 49.7 3:21pm 33.9 11:52pm 33 0 0.20 0 8 12:00am N1025.46 85 15 39.3 48.9 2:05pm 31.4 8:00am 36 0 0.00 0 8 12:00am WNW1021.37 78 16 40.0 47.9 10:51am 37.0 2:06pm 35 0 0.65 1 8 12:00am NW1015.47 84 17 40.7 48.8 2:03pm 34.4 7:31am 34 0 0.01 0 8 12:00am WNW1029.27 83 18 42.4 55.9 1:06pm 34.4 5:42am 33 0 0.00 0 8 12:00am E1030.25 75 19 45.4 58.0 3:15pm 37.4 4:59am 30 0 0.00 0 8 12:00am NNE1024.80 77 20 49.4 61.9 11:40am 44.2 5:31am 26 0 0.00 0 8 12:00am NNE1020.35 67 21 47.2 53.0 1:59pm 42.7 6:00am 28 0 0.13 0 0 12:00am WNW1023.62 80 22 49.4 58.2 2:54pm 44.7 11:40pm 26 0 0.04 0 0 12:00am NNE1027.45 88 23 47.7 57.3 1:18pm 39.0 7:30am 27 0 0.00 0 0 12:00am NNE1026.43 87 24 52.9 65.1 2:31pm 45.7 7:32am 22 0 0.01 0 0 12:00am NNE1024.06 81 25 52.5 63.7 11:56am 43.3 8:07am 23 0 0.02 0 0 12:00am NNE1023.53 79 26 50.2 58.2 3:19pm 42.6 11:57pm 25 0 0.88 0 0 12:00am NNE1026.06 89 27 49.6 62.9 1:25pm 41.8 2:54am 25 0 0.00 0 0 12:00am NNE1031.20 80 28 45.1 53.8 11:59am 41.3 7:04am 15 0 0.00 0 0 12:00am WNW1031.05 86 --------------------------------------------------------------------------------------- TOT 45.3 65.1 1/24/20 30.8 1/10/20 817 0 2.82 0 16 1/1/20 NNE1026.20 81 HEAT BASE: 75.0 COOL BASE: 64.0



Contact Us | Mobile
Never base any life decisions on weather information from this site or anywhere over the Internet.
Site is dedicated to our Lord & Savior Jesus Christ | Random Jesus Quotes

Copyright © 2020 El Dorado Weather, Inc. | Site Designed By:  El Dorado Weather