Forecast Directory
U.S. Alerts
El Dorado Weather Logo
U.S. Color IR Sat North America Color Background Satellite Thumb
Norcal Dual-Pol Radar Live Northern California Doppler Radar Thumbnail Image
W. Coast IR Satellite West Coast Infrared Satellite
Storm Cell Tracking Live Northern California Radar and Satellite Thumbnail Image
Street Level Radar Live U.S. Google Map Radar Thumbnail Image
Live Lightning Radar Placerville California Lightning Detection Radar Thumbnail Image
Live Streaming Webcam Placerville California Live Streaming WebCam Thumbnail Image
Local Wx Station Data Sacramento, Northern Sierra Nevada & the Motherlode Area Current Weather Conditions
NOAA Climate Report From: Placerville, Ca. (EDWPC)
Archives below starts from 6/22/2006 to the present:
2021: Jan | Feb | Mar | Apr | May | Jun | Jul | Aug | Sep | Oct | Nov | Dec 
2020: Jan | Feb | Mar | Apr | May | Jun | Jul | Aug | Sep | Oct | Nov | Dec 
2019: Jan | Feb | Mar | Apr | May | Jun | Jul | Aug | Sep | Oct | Nov | Dec 
2018: Jan | Feb | Mar | Apr | May | Jun | Jul | Aug | Sep | Oct | Nov | Dec 
2017: Jan | Feb | Mar | Apr | May | Jun | Jul | Aug | Sep | Oct | Nov | Dec 
2016: Jan | Feb | Mar | Apr | May | Jun | Jul | Aug | Sep | Oct | Nov | Dec 
2015: Jan | Feb | Mar | Apr | May | Jun | Jul | Aug | Sep | Oct | Nov | Dec 
2014: Jan | Feb | Mar | Apr | May | Jun | Jul | Aug | Sep | Oct | Nov | Dec 
2013: Jan | Feb | Mar | Apr | May | Jun | Jul | Aug | Sep | Oct | Nov | Dec 
2012: Jan | Feb | Mar | Apr | May | Jun | Jul | Aug | Sep | Oct | Nov | Dec 
2011: Jan | Feb | Mar | Apr | May | Jun | Jul | Aug | Sep | Oct | Nov | Dec 
2010: Jan | Feb | Mar | Apr | May | Jun | Jul | Aug | Sep | Oct | Nov | Dec 
2009: Jan | Feb | Mar | Apr | May | Jun | Jul | Aug | Sep | Oct | Nov | Dec 
2008: Jan | Feb | Mar | Apr | May | Jun | Jul | Aug | Sep | Oct | Nov | Dec 
2007: Jan | Feb | Mar | Apr | May | Jun | Jul | Aug | Sep | Oct | Nov | Dec 
 2006: Jan | Feb | Mar | Apr | May | Jun | Jul | Aug | Sep | Oct | Nov | Dec 

Report for 2021 07 MONTHLY CLIMATOLOGICAL SUMMARY FOR 7/2021 HEAT COOL MEAN DEG DEG WIND SPEED DOM MEAN MEAN DAY TEMP HIGH TIME LOW TIME DAYS DAYS RAIN AVG HI TIME DIR BAROM HUM --------------------------------------------------------------------------------------- 1 78.5 95.6 4:37pm 62.5 6:45am 3 15 0.00 0 6 12:00am ESE1012.13 45 2 80.5 99.2 4:39pm 63.3 6:32am 3 17 0.00 0 6 12:00am ESE1012.47 41 3 79.2 95.3 4:01pm 63.8 6:43am 3 15 0.00 0 6 12:00am ESE1013.27 40 4 79.5 97.1 5:04pm 66.3 7:12am 3 16 0.00 0 6 12:00am ESE1014.20 38 5 79.2 97.2 5:13pm 63.6 6:19am 3 15 0.00 0 6 12:00am ESE1014.72 38 6 77.9 97.4 4:54pm 61.4 6:58am 4 14 0.00 0 1 12:00am ENE1014.96 40 7 79.1 99.1 4:15pm 60.7 7:20am 4 15 0.00 0 1 12:00am ENE1012.25 38 8 84.3 105.3 5:04pm 66.7 2:50am 3 20 0.00 0 1 12:00am E1010.92 27 9 89.4 108.8 3:17pm 72.2 5:53am 0 25 0.00 0 1 12:00am NE1012.60 22 10 92.8 111.1 5:12pm 77.5 5:09am 0 29 0.00 0 1 12:00am ENE1012.49 25 11 90.9 108.3 4:25pm 77.3 6:58am 0 27 0.00 0 1 12:00am E1010.81 21 12 85.5 104.7 5:20pm 69.3 7:00am 1 21 0.00 0 1 12:00am E1010.73 22 13 80.0 99.4 3:12pm 63.9 7:02am 3 16 0.00 0 1 12:00am E1011.10 34 14 77.1 95.9 4:57pm 60.1 6:56am 5 14 0.00 0 1 12:00am E1013.34 38 15 75.7 92.3 4:10pm 61.7 5:42am 5 12 0.00 0 1 12:00am E1014.66 38 16 76.8 94.7 5:14pm 60.8 5:47am 5 13 0.00 0 1 12:00am E1013.63 34 17 80.2 99.2 4:42pm 62.9 5:19am 4 16 0.00 0 1 12:00am E1013.92 29 18 83.5 100.4 4:47pm 68.5 7:11am 2 20 0.00 0 0 12:00am E1015.31 27 19 83.5 100.0 3:41pm 68.4 6:32am 1 19 0.00 0 0 12:00am E1016.24 26 20 81.1 97.4 5:20pm 67.4 6:37am 2 17 0.00 0 0 12:00am E1015.53 27 21 79.0 98.2 4:18pm 61.6 7:04am 4 15 0.00 0 0 12:00am ENE1013.38 28 22 81.0 99.2 4:45pm 66.4 7:05am 3 17 0.00 0 0 12:00am E1013.90 22 23 82.9 101.2 4:33pm 67.4 7:23am 2 19 0.00 0 0 12:00am NE1015.51 22 24 83.3 101.7 5:14pm 67.7 7:03am 2 19 0.00 0 0 12:00am NE1014.42 27 25 83.2 98.5 2:26pm 68.6 7:10am 1 19 0.00 0 0 12:00am NE1012.77 26 26 77.8 91.1 3:32pm 68.1 7:16am 2 14 0.00 0 0 12:00am NE1013.27 21 27 79.7 99.4 4:36pm 68.6 6:34am 2 15 0.00 0 0 12:00am ESE1016.34 32 --------------------------------------------------------------------------------------- TOT 81.5 111.1 7/10/21 60.1 7/14/21 70 475 0.00 0 6 7/1/21 E1013.48 31 HEAT BASE: 75.0 COOL BASE: 64.0



Contact Us | Mobile
Never base any life decisions on weather information from this site or anywhere over the Internet.
Site is dedicated to our Lord & Savior Jesus Christ | Random Quotes of Jesus

Copyright © 2021 El Dorado Weather, Inc. | Site Designed By:  El Dorado Weather