Forecast Directory
U.S. Alerts
El Dorado Weather Logo
U.S. Color IR Sat North America Color Background Satellite Thumb
Norcal Dual-Pol Radar Live Northern California Doppler Radar Thumbnail Image
W. Coast IR Satellite West Coast Infrared Satellite
Storm Cell Tracking Live Northern California Radar and Satellite Thumbnail Image
Street Level Radar Live U.S. Google Map Radar Thumbnail Image
Live Lightning Radar Placerville California Lightning Detection Radar Thumbnail Image
Live Streaming Webcam Placerville California Live Streaming WebCam Thumbnail Image
Local Wx Station Data Sacramento, Northern Sierra Nevada & the Motherlode Area Current Weather Conditions

NOAA Climate Report From: Placerville, Ca. Weather Station (EDWPC)

Archives below start from 6/22/2006 to the present:
2019: Jan | Feb | Mar | Apr | May | Jun | Jul | Aug | Sep | Oct | Nov | Dec 
2018: Jan | Feb | Mar | Apr | May | Jun | Jul | Aug | Sep | Oct | Nov | Dec 
2017: Jan | Feb | Mar | Apr | May | Jun | Jul | Aug | Sep | Oct | Nov | Dec 
2016: Jan | Feb | Mar | Apr | May | Jun | Jul | Aug | Sep | Oct | Nov | Dec 
2015: Jan | Feb | Mar | Apr | May | Jun | Jul | Aug | Sep | Oct | Nov | Dec 
2014: Jan | Feb | Mar | Apr | May | Jun | Jul | Aug | Sep | Oct | Nov | Dec 
2013: Jan | Feb | Mar | Apr | May | Jun | Jul | Aug | Sep | Oct | Nov | Dec 
2012: Jan | Feb | Mar | Apr | May | Jun | Jul | Aug | Sep | Oct | Nov | Dec 
2011: Jan | Feb | Mar | Apr | May | Jun | Jul | Aug | Sep | Oct | Nov | Dec 
2010: Jan | Feb | Mar | Apr | May | Jun | Jul | Aug | Sep | Oct | Nov | Dec 
2009: Jan | Feb | Mar | Apr | May | Jun | Jul | Aug | Sep | Oct | Nov | Dec 
2008: Jan | Feb | Mar | Apr | May | Jun | Jul | Aug | Sep | Oct | Nov | Dec 
2007: Jan | Feb | Mar | Apr | May | Jun | Jul | Aug | Sep | Oct | Nov | Dec 
 2006: Jan | Feb | Mar | Apr | May | Jun | Jul | Aug | Sep | Oct | Nov | Dec 

Report for 2019 07 MONTHLY CLIMATOLOGICAL SUMMARY FOR 7/2019 HEAT COOL MEAN DEG DEG WIND SPEED DOM MEAN MEAN DAY TEMP HIGH TIME LOW TIME DAYS DAYS RAIN AVG HI TIME DIR BAROM HUM --------------------------------------------------------------------------------------- 1 71.3 89.6 3:43pm 56.1 7:23am 8 9 0.00 0 2 12:00am S1017.53 44 2 70.9 89.3 4:31pm 54.8 6:39am 8 9 0.00 0 2 12:00am S1015.30 46 3 72.0 91.3 4:28pm 56.4 7:06am 7 10 0.00 0 2 12:00am S1013.29 50 4 74.0 92.7 5:25pm 59.6 5:58am 6 11 0.00 0 2 12:00am S1014.04 45 5 77.7 96.2 4:36pm 63.4 4:20am 4 14 0.00 0 0 12:00am S1015.90 44 6 77.5 94.9 4:09pm 64.0 7:23am 4 14 0.00 0 0 12:00am S1015.25 44 7 72.6 90.0 5:14pm 58.9 6:25am 6 9 0.00 0 0 12:00am S1013.40 48 8 68.4 85.9 3:53pm 54.9 5:05am 9 7 0.00 0 0 12:00am S1015.62 51 9 69.4 89.5 3:43pm 51.7 6:43am 9 9 0.00 0 0 12:00am S1017.93 54 10 74.1 93.5 4:33pm 56.9 6:04am 6 11 0.00 0 0 12:00am S1019.21 49 11 77.3 96.7 4:11pm 60.8 6:13am 5 14 0.00 0 0 12:00am S1017.52 47 12 79.6 98.5 5:28pm 64.3 6:33am 4 16 0.00 0 0 12:00am S1013.62 46 13 81.2 101.5 3:59pm 64.5 5:43am 3 17 0.00 0 0 12:00am S1012.43 43 14 79.1 96.8 4:08pm 64.3 7:41am 3 15 0.00 0 0 12:00am S1015.58 38 15 78.5 97.2 4:43pm 63.5 6:42am 4 15 0.00 0 0 12:00am S1015.79 37 16 75.2 92.2 4:17pm 60.7 6:34am 5 12 0.00 0 0 12:00am S1012.95 50 17 75.9 92.1 4:54pm 60.7 5:54am 5 12 0.00 0 0 12:00am S1013.35 49 --------------------------------------------------------------------------------------- TOT 75.0 101.5 7/13/19 51.7 7/9/19 93 204 0.00 0 2 7/1/19 S1015.21 46 HEAT BASE: 75.0 COOL BASE: 64.0

Google


Contact Us | Mobile
Never base any life decisions on weather information from this site or anywhere over the Internet.
Site is dedicated to our Lord & Savior Jesus Christ | Random Quotes

Copyright © 2019 El Dorado Weather, Inc. | Site Designed By:  El Dorado Weather