Forecast Directory
U.S. Alerts
El Dorado Weather Logo
U.S. Color IR Sat North America Color Background Satellite Thumb
Norcal Dual-Pol Radar Live Northern California Doppler Radar Thumbnail Image
W. Coast IR Satellite West Coast Infrared Satellite
Live Lightning Radar Placerville California Lightning Detection Radar Thumbnail Image
Live Streaming Webcam Placerville California Live Streaming WebCam Thumbnail Image
Local Wx Station Data Sacramento, Northern Sierra Nevada & the Motherlode Area Current Weather Conditions
NOAA Climate Report From: Placerville, Ca. (EDWPC)
Archives below starts from 6/22/2006 to the present:
2022: Jan | Feb | Mar | Apr | May | Jun | Jul | Aug | Sep | Oct | Nov | Dec 
2021: Jan | Feb | Mar | Apr | May | Jun | Jul | Aug | Sep | Oct | Nov | Dec 
2020: Jan | Feb | Mar | Apr | May | Jun | Jul | Aug | Sep | Oct | Nov | Dec 
2019: Jan | Feb | Mar | Apr | May | Jun | Jul | Aug | Sep | Oct | Nov | Dec 
2018: Jan | Feb | Mar | Apr | May | Jun | Jul | Aug | Sep | Oct | Nov | Dec 
2017: Jan | Feb | Mar | Apr | May | Jun | Jul | Aug | Sep | Oct | Nov | Dec 
2016: Jan | Feb | Mar | Apr | May | Jun | Jul | Aug | Sep | Oct | Nov | Dec 
2015: Jan | Feb | Mar | Apr | May | Jun | Jul | Aug | Sep | Oct | Nov | Dec 
2014: Jan | Feb | Mar | Apr | May | Jun | Jul | Aug | Sep | Oct | Nov | Dec 
2013: Jan | Feb | Mar | Apr | May | Jun | Jul | Aug | Sep | Oct | Nov | Dec 
2012: Jan | Feb | Mar | Apr | May | Jun | Jul | Aug | Sep | Oct | Nov | Dec 
2011: Jan | Feb | Mar | Apr | May | Jun | Jul | Aug | Sep | Oct | Nov | Dec 
2010: Jan | Feb | Mar | Apr | May | Jun | Jul | Aug | Sep | Oct | Nov | Dec 
2009: Jan | Feb | Mar | Apr | May | Jun | Jul | Aug | Sep | Oct | Nov | Dec 
2008: Jan | Feb | Mar | Apr | May | Jun | Jul | Aug | Sep | Oct | Nov | Dec 
2007: Jan | Feb | Mar | Apr | May | Jun | Jul | Aug | Sep | Oct | Nov | Dec 
 2006: Jan | Feb | Mar | Apr | May | Jun | Jul | Aug | Sep | Oct | Nov | Dec 

Report for 2022 02 MONTHLY CLIMATOLOGICAL SUMMARY FOR 2/2022 HEAT COOL MEAN DEG DEG WIND SPEED DOM MEAN MEAN DAY TEMP HIGH TIME LOW TIME DAYS DAYS RAIN AVG HI TIME DIR BAROM HUM --------------------------------------------------------------------------------------- 1 43.8 63.6 1:53pm 32.2 7:28am 31 0 0.00 0 1 12:00am NNW1019.55 55 2 42.6 57.8 2:04pm 31.6 6:38am 32 0 0.00 0 1 12:00am NNW1024.10 44 3 43.7 60.5 2:37pm 34.4 4:01am 31 0 0.00 0 1 12:00am WNW1027.71 65 4 46.4 64.3 1:23pm 35.6 7:11am 29 0 0.00 0 1 12:00am NNW1033.16 60 5 47.3 65.3 2:29pm 38.0 7:35am 28 0 0.00 0 1 12:00am W1029.24 61 6 48.2 67.7 2:42pm 35.6 7:00am 27 0 0.00 0 1 12:00am WNW1028.48 66 7 52.3 74.1 2:33pm 39.4 6:14am 23 2 0.00 0 1 12:00am NNW1030.07 55 8 52.2 72.6 2:09pm 39.6 7:11am 23 1 0.00 0 5 2:46pm WNW1028.18 56 9 55.4 75.4 2:29pm 41.1 5:32am 20 2 0.00 0 0 12:00am NNW1025.89 54 10 57.6 74.4 3:22pm 44.7 7:34am 17 2 0.00 0 0 12:00am W1024.21 57 11 56.8 76.1 1:43pm 44.6 7:16am 18 2 0.00 0 6 2:33pm WNW1022.13 57 12 59.0 80.3 3:15pm 46.6 4:07am 17 4 0.00 0 11 2:50pm W1024.29 46 13 60.3 78.6 3:16pm 49.3 7:35am 15 4 0.00 0 1 12:00am WNW1026.12 42 14 54.3 70.9 1:47pm 45.0 7:34am 21 1 0.00 0 1 12:00am WNW1020.15 58 15 46.4 61.9 2:49pm 36.1 7:12am 29 0 0.00 0 1 12:00am NNW1015.76 59 16 48.8 69.3 3:31pm 33.8 5:03am 26 0 0.00 0 1 12:00am NNW1020.23 46 17 48.9 66.4 1:45pm 36.6 5:52am 26 0 0.00 0 1 12:00am WNW1028.34 52 18 51.2 69.2 3:13pm 38.6 7:10am 24 1 0.00 0 1 12:00am N1027.74 55 19 54.0 74.8 2:34pm 41.1 6:17am 21 2 0.00 0 1 12:00am NNW1023.09 47 20 50.3 66.6 2:25pm 40.0 11:39pm 25 0 0.00 0 1 12:00am WNW1016.40 54 21 44.2 55.4 3:25pm 37.2 3:04am 31 0 0.01 0 1 12:00am WNW1016.22 65 22 37.6 47.4 12:53pm 29.6 11:52pm 37 0 0.21 0 1 12:00am WNW1016.12 81 23 36.9 55.5 2:12pm 25.3 7:03am 38 0 0.00 0 1 12:00am NNW1022.28 62 24 39.2 55.9 2:27pm 27.9 7:14am 36 0 0.00 0 1 12:00am NW1028.90 45 25 41.3 58.7 3:03pm 29.4 4:11am 34 0 0.00 0 1 12:00am W1028.37 52 26 45.6 59.8 1:16pm 32.7 7:11am 29 0 0.00 0 1 12:00am W1031.07 53 27 52.6 71.2 2:36pm 39.5 7:36am 22 1 0.00 0 1 12:00am NW1031.22 51 28 55.5 74.4 2:44pm 42.2 7:19am 19 2 0.00 0 1 12:00am NW1027.89 55 --------------------------------------------------------------------------------------- TOT 49.0 80.3 2/12/22 25.3 2/23/22 728 24 0.22 0 11 2/12/22 NW1024.87 55 HEAT BASE: 75.0 COOL BASE: 64.0



Contact Us | Mobile
Never base any life decisions on weather information from this site or anywhere over the Internet.
Site is dedicated to our Lord & Savior Jesus Christ | Random Quotes of Jesus

Copyright © 2022 El Dorado Weather, Inc. | Site Designed By:  El Dorado Weather