Forecast Directory
U.S. Alerts
El Dorado Weather Logo
U.S. Color IR Sat North America Color Background Satellite Thumb
Norcal Dual-Pol Radar Live Northern California Doppler Radar Thumbnail Image
W. Coast IR Satellite West Coast Infrared Satellite
Live Lightning Radar Placerville California Lightning Detection Radar Thumbnail Image
Live Streaming Webcam Placerville California Live Streaming WebCam Thumbnail Image
Local Wx Station Data Sacramento, Northern Sierra Nevada & the Motherlode Area Current Weather Conditions
NOAA Climate Report From: Placerville, Ca. (EDWPC)
Archives below starts from 6/22/2006 to the present:
2022: Jan | Feb | Mar | Apr | May | Jun | Jul | Aug | Sep | Oct | Nov | Dec 
2021: Jan | Feb | Mar | Apr | May | Jun | Jul | Aug | Sep | Oct | Nov | Dec 
2020: Jan | Feb | Mar | Apr | May | Jun | Jul | Aug | Sep | Oct | Nov | Dec 
2019: Jan | Feb | Mar | Apr | May | Jun | Jul | Aug | Sep | Oct | Nov | Dec 
2018: Jan | Feb | Mar | Apr | May | Jun | Jul | Aug | Sep | Oct | Nov | Dec 
2017: Jan | Feb | Mar | Apr | May | Jun | Jul | Aug | Sep | Oct | Nov | Dec 
2016: Jan | Feb | Mar | Apr | May | Jun | Jul | Aug | Sep | Oct | Nov | Dec 
2015: Jan | Feb | Mar | Apr | May | Jun | Jul | Aug | Sep | Oct | Nov | Dec 
2014: Jan | Feb | Mar | Apr | May | Jun | Jul | Aug | Sep | Oct | Nov | Dec 
2013: Jan | Feb | Mar | Apr | May | Jun | Jul | Aug | Sep | Oct | Nov | Dec 
2012: Jan | Feb | Mar | Apr | May | Jun | Jul | Aug | Sep | Oct | Nov | Dec 
2011: Jan | Feb | Mar | Apr | May | Jun | Jul | Aug | Sep | Oct | Nov | Dec 
2010: Jan | Feb | Mar | Apr | May | Jun | Jul | Aug | Sep | Oct | Nov | Dec 
2009: Jan | Feb | Mar | Apr | May | Jun | Jul | Aug | Sep | Oct | Nov | Dec 
2008: Jan | Feb | Mar | Apr | May | Jun | Jul | Aug | Sep | Oct | Nov | Dec 
2007: Jan | Feb | Mar | Apr | May | Jun | Jul | Aug | Sep | Oct | Nov | Dec 
 2006: Jan | Feb | Mar | Apr | May | Jun | Jul | Aug | Sep | Oct | Nov | Dec 

Report for 2022 01 MONTHLY CLIMATOLOGICAL SUMMARY FOR 1/2022 HEAT COOL MEAN DEG DEG WIND SPEED DOM MEAN MEAN DAY TEMP HIGH TIME LOW TIME DAYS DAYS RAIN AVG HI TIME DIR BAROM HUM --------------------------------------------------------------------------------------- 1 35.7 48.5 1:13pm 28.7 3:31am 39 0 0.01 0 0 12:00am NNW1025.95 78 2 39.7 55.8 1:40pm 30.5 7:47am 35 0 0.00 0 0 12:00am NNW1028.87 75 3 41.8 49.4 2:45pm 33.1 5:10am 33 0 0.09 0 0 12:00am SW1027.02 72 4 47.5 51.4 2:41pm 44.5 12:00am 27 0 0.16 0 1 12:02pm SW1029.51 93 5 49.3 62.6 2:35pm 42.9 11:59pm 26 0 0.00 0 1 12:00am N1027.70 86 6 44.3 50.5 3:19pm 38.4 7:51am 31 0 0.01 0 1 12:00am NW1021.63 92 7 46.2 48.8 2:10pm 40.8 11:56pm 29 0 0.26 0 1 12:00am NW1018.13 94 8 43.0 58.2 2:50pm 35.3 7:13am 32 0 0.00 0 1 12:00am N1023.78 86 9 45.3 64.7 3:12pm 33.6 5:47am 30 0 0.01 0 1 12:00am NW1030.20 71 10 49.5 67.5 1:33pm 40.7 12:00am 25 0 0.00 0 1 12:00am N1033.27 56 11 47.1 60.9 12:44pm 39.1 7:49am 28 0 0.00 0 1 12:00am NW1031.47 71 12 50.9 69.1 3:19pm 40.7 7:51am 24 0 0.00 0 1 12:00am NW1028.86 71 13 50.0 66.1 12:34pm 41.3 11:58pm 25 0 0.00 0 1 12:00am WNW1027.37 63 14 46.5 62.8 12:00pm 38.1 6:54am 28 0 0.00 0 1 12:00am NW1025.95 68 15 47.1 62.4 12:46pm 39.2 5:28am 28 0 0.00 0 0 12:00am SW1026.75 60 16 41.2 41.7 12:00am 40.7 12:58am 1 0 0.00 0 0 12:00am SW1024.73 70 17 47.6 64.1 1:30pm 39.7 5:39am 27 0 0.00 0 0 12:00am WNW1021.49 67 18 46.3 62.1 1:40pm 37.9 7:32am 29 0 0.00 0 0 12:00am NW1023.27 71 19 46.4 62.8 2:59pm 37.2 7:12am 29 0 0.00 0 0 12:00am NNW1026.99 75 20 48.5 66.6 1:51pm 39.5 7:34am 26 0 0.00 0 0 12:00am NNW1029.59 78 21 48.7 68.5 1:32pm 36.7 7:02am 26 0 0.00 0 10 1:35pm NNW1024.81 56 22 50.5 69.4 1:24pm 40.2 11:58pm 25 0 0.00 0 1 12:00am S1023.49 52 23 47.4 65.9 1:32pm 37.3 7:55am 28 0 0.00 0 1 12:00am NNW1027.87 58 24 46.7 63.8 1:45pm 37.5 7:27am 28 0 0.00 0 1 12:00am NNW1024.03 65 25 45.9 64.4 1:43pm 34.9 7:40am 29 0 0.00 0 1 12:00am WNW1020.75 73 26 47.1 65.9 1:35pm 35.3 7:19am 28 0 0.00 0 1 12:00am WNW1024.53 59 27 46.8 64.7 3:20pm 35.3 7:14am 28 0 0.00 0 1 12:00am NW1027.31 57 28 47.7 63.8 2:28pm 37.1 4:46am 27 0 0.00 0 1 12:00am W1029.31 60 29 47.3 64.3 1:22pm 37.1 7:28am 28 0 0.00 0 1 12:00am WNW1026.30 61 30 45.8 62.2 3:11pm 35.2 7:36am 29 0 0.00 0 1 12:00am W1026.73 67 31 46.6 61.7 2:09pm 38.1 7:41am 28 0 0.00 0 1 12:00am NNW1024.08 68 --------------------------------------------------------------------------------------- TOT 46.4 69.4 1/22/22 28.7 1/1/22 858 2 0.54 0 10 1/21/22 NNW1026.22 70 HEAT BASE: 75.0 COOL BASE: 64.0



Contact Us | Mobile
Never base any life decisions on weather information from this site or anywhere over the Internet.
Site is dedicated to our Lord & Savior Jesus Christ | Random Quotes of Jesus

Copyright © 2022 El Dorado Weather, Inc. | Site Designed By:  El Dorado Weather