Forecast Directory
U.S. Alerts
El Dorado Weather Logo
U.S. Color IR Sat North America Color Background Satellite Thumb
Norcal Dual-Pol Radar Live Northern California Doppler Radar Thumbnail Image
W. Coast IR Satellite West Coast Infrared Satellite
Live Lightning Radar Placerville California Lightning Detection Radar Thumbnail Image
Live Streaming Webcam Placerville California Live Streaming WebCam Thumbnail Image
Local Wx Station Data Sacramento, Northern Sierra Nevada & the Motherlode Area Current Weather Conditions
NOAA Climate Report From: Placerville, Ca. (EDWPC)
Archives below starts from 6/22/2006 to the present:
2022: Jan | Feb | Mar | Apr | May | Jun | Jul | Aug | Sep | Oct | Nov | Dec 
2021: Jan | Feb | Mar | Apr | May | Jun | Jul | Aug | Sep | Oct | Nov | Dec 
2020: Jan | Feb | Mar | Apr | May | Jun | Jul | Aug | Sep | Oct | Nov | Dec 
2019: Jan | Feb | Mar | Apr | May | Jun | Jul | Aug | Sep | Oct | Nov | Dec 
2018: Jan | Feb | Mar | Apr | May | Jun | Jul | Aug | Sep | Oct | Nov | Dec 
2017: Jan | Feb | Mar | Apr | May | Jun | Jul | Aug | Sep | Oct | Nov | Dec 
2016: Jan | Feb | Mar | Apr | May | Jun | Jul | Aug | Sep | Oct | Nov | Dec 
2015: Jan | Feb | Mar | Apr | May | Jun | Jul | Aug | Sep | Oct | Nov | Dec 
2014: Jan | Feb | Mar | Apr | May | Jun | Jul | Aug | Sep | Oct | Nov | Dec 
2013: Jan | Feb | Mar | Apr | May | Jun | Jul | Aug | Sep | Oct | Nov | Dec 
2012: Jan | Feb | Mar | Apr | May | Jun | Jul | Aug | Sep | Oct | Nov | Dec 
2011: Jan | Feb | Mar | Apr | May | Jun | Jul | Aug | Sep | Oct | Nov | Dec 
2010: Jan | Feb | Mar | Apr | May | Jun | Jul | Aug | Sep | Oct | Nov | Dec 
2009: Jan | Feb | Mar | Apr | May | Jun | Jul | Aug | Sep | Oct | Nov | Dec 
2008: Jan | Feb | Mar | Apr | May | Jun | Jul | Aug | Sep | Oct | Nov | Dec 
2007: Jan | Feb | Mar | Apr | May | Jun | Jul | Aug | Sep | Oct | Nov | Dec 
 2006: Jan | Feb | Mar | Apr | May | Jun | Jul | Aug | Sep | Oct | Nov | Dec 

Report for 2021 12 MONTHLY CLIMATOLOGICAL SUMMARY FOR 12/2021 HEAT COOL MEAN DEG DEG WIND SPEED DOM MEAN MEAN DAY TEMP HIGH TIME LOW TIME DAYS DAYS RAIN AVG HI TIME DIR BAROM HUM --------------------------------------------------------------------------------------- 1 56.6 75.5 2:18pm 46.3 5:43am 18 2 0.00 0 0 12:00am N1023.43 67 2 56.0 74.0 1:16pm 47.4 11:50pm 19 2 0.00 0 0 12:00am NNE1022.44 58 3 53.2 70.1 1:45pm 45.4 5:11am 22 1 0.00 0 0 12:00am N1022.05 63 4 50.4 66.8 12:49pm 42.3 7:22am 25 0 0.00 0 0 12:00am NNE1025.41 73 5 43.9 54.1 11:49am 36.6 6:15am 31 0 0.00 0 0 12:00am NNE1027.45 86 6 42.8 47.0 4:21pm 37.5 1:42am 32 0 0.12 0 0 12:00am NNE1023.48 92 7 46.5 49.3 12:28pm 44.1 11:42pm 28 0 0.03 0 0 12:00am W1019.35 93 8 46.2 52.8 3:04pm 43.1 8:03am 29 0 0.03 0 0 12:00am NE1020.02 93 9 44.0 48.5 3:20pm 36.2 11:53pm 31 0 0.71 0 0 12:00am NNE1017.91 91 10 39.7 52.6 2:11pm 32.1 7:33am 35 0 0.01 0 0 12:00am NE1025.94 84 11 42.5 54.2 1:11pm 34.3 7:13am 32 0 0.00 0 7 1:49pm NE1025.81 81 12 44.5 47.5 10:39am 42.8 12:00am 30 0 1.05 1 3 12:00am WNW1018.08 82 13 45.0 47.9 12:24pm 39.5 11:58pm 30 0 1.68 2 3 12:00am WNW1010.16 91 14 35.8 42.1 2:19pm 32.4 10:47pm 39 0 0.62 0 3 12:00am WSW1015.60 92 15 38.8 46.0 12:08pm 32.3 12:03am 36 0 0.39 1 4 9:21am W1024.48 85 16 41.8 45.8 2:58pm 34.1 11:56pm 33 0 0.32 0 2 12:00am NNE1023.06 92 17 38.3 53.3 2:06pm 30.8 7:40am 37 0 0.01 0 2 12:00am NNE1028.48 84 18 38.7 53.7 2:25pm 31.2 7:39am 36 0 0.01 0 2 12:00am N1027.95 86 19 37.4 51.3 2:24pm 31.4 7:13am 38 0 0.00 0 2 12:00am NNE1023.55 87 20 38.2 50.1 1:40pm 29.9 5:33am 37 0 0.01 0 2 12:00am N1024.64 82 21 41.7 57.0 2:16pm 30.8 4:05am 33 0 0.00 0 0 12:00am NNE1024.47 73 22 47.8 56.2 2:44pm 41.6 2:29am 27 0 0.26 0 0 12:00am W1019.28 88 23 49.3 52.3 12:24am 47.7 8:03pm 26 0 1.71 1 0 12:00am NNW1010.32 93 24 45.2 48.4 3:03am 41.0 11:54pm 30 0 0.75 0 0 12:00am N1012.13 92 25 41.5 44.3 11:23am 38.3 11:28pm 34 0 0.65 1 0 12:00am N1012.79 91 26 36.6 39.1 11:32am 34.4 9:43pm 38 0 0.49 1 0 12:00am NNW1020.06 92 27 34.9 38.1 2:38pm 32.9 8:50am 40 0 1.42 0 0 12:00am SW1015.90 94 28 36.9 42.0 3:01pm 33.7 7:56am 38 0 0.10 0 0 12:00am SW1015.18 91 29 38.0 42.4 3:01pm 33.2 7:26am 37 0 0.52 0 0 12:00am SW1012.53 92 30 40.6 50.4 12:56pm 34.5 7:58am 34 0 0.01 0 0 12:00am N1015.96 88 31 39.9 49.4 2:31pm 30.9 11:54pm 35 0 0.00 0 0 12:00am NE1015.56 86 --------------------------------------------------------------------------------------- TOT 43.0 75.5 12/1/21 29.9 12/20/21 992 5 10.90 0 7 12/11/21 N1020.14 85 HEAT BASE: 75.0 COOL BASE: 64.0



Contact Us | Mobile
Never base any life decisions on weather information from this site or anywhere over the Internet.
Site is dedicated to our Lord & Savior Jesus Christ | Random Quotes of Jesus

Copyright © 2022 El Dorado Weather, Inc. | Site Designed By:  El Dorado Weather