Forecast Directory
U.S. Alerts
El Dorado Weather Logo
U.S. Color IR Sat North America Color Background Satellite Thumb
Norcal Dual-Pol Radar Live Northern California Doppler Radar Thumbnail Image
W. Coast IR Satellite West Coast Infrared Satellite
Live Lightning Radar Placerville California Lightning Detection Radar Thumbnail Image
Live Streaming Webcam Placerville California Live Streaming WebCam Thumbnail Image
Local Wx Station Data Sacramento, Northern Sierra Nevada & the Motherlode Area Current Weather Conditions
NOAA Climate Report From: Placerville, Ca. (EDWPC)
Archives below starts from 6/22/2006 to the present:
2022: Jan | Feb | Mar | Apr | May | Jun | Jul | Aug | Sep | Oct | Nov | Dec 
2021: Jan | Feb | Mar | Apr | May | Jun | Jul | Aug | Sep | Oct | Nov | Dec 
2020: Jan | Feb | Mar | Apr | May | Jun | Jul | Aug | Sep | Oct | Nov | Dec 
2019: Jan | Feb | Mar | Apr | May | Jun | Jul | Aug | Sep | Oct | Nov | Dec 
2018: Jan | Feb | Mar | Apr | May | Jun | Jul | Aug | Sep | Oct | Nov | Dec 
2017: Jan | Feb | Mar | Apr | May | Jun | Jul | Aug | Sep | Oct | Nov | Dec 
2016: Jan | Feb | Mar | Apr | May | Jun | Jul | Aug | Sep | Oct | Nov | Dec 
2015: Jan | Feb | Mar | Apr | May | Jun | Jul | Aug | Sep | Oct | Nov | Dec 
2014: Jan | Feb | Mar | Apr | May | Jun | Jul | Aug | Sep | Oct | Nov | Dec 
2013: Jan | Feb | Mar | Apr | May | Jun | Jul | Aug | Sep | Oct | Nov | Dec 
2012: Jan | Feb | Mar | Apr | May | Jun | Jul | Aug | Sep | Oct | Nov | Dec 
2011: Jan | Feb | Mar | Apr | May | Jun | Jul | Aug | Sep | Oct | Nov | Dec 
2010: Jan | Feb | Mar | Apr | May | Jun | Jul | Aug | Sep | Oct | Nov | Dec 
2009: Jan | Feb | Mar | Apr | May | Jun | Jul | Aug | Sep | Oct | Nov | Dec 
2008: Jan | Feb | Mar | Apr | May | Jun | Jul | Aug | Sep | Oct | Nov | Dec 
2007: Jan | Feb | Mar | Apr | May | Jun | Jul | Aug | Sep | Oct | Nov | Dec 
 2006: Jan | Feb | Mar | Apr | May | Jun | Jul | Aug | Sep | Oct | Nov | Dec 

Report for 2021 09 MONTHLY CLIMATOLOGICAL SUMMARY FOR 9/2021 HEAT COOL MEAN DEG DEG WIND SPEED DOM MEAN MEAN DAY TEMP HIGH TIME LOW TIME DAYS DAYS RAIN AVG HI TIME DIR BAROM HUM --------------------------------------------------------------------------------------- 1 68.3 85.5 3:22pm 56.3 7:43am 9 7 0.00 0 0 12:00am E1009.97 40 2 67.1 87.2 4:24pm 49.5 7:25am 10 7 0.00 0 0 12:00am E1014.49 46 3 70.9 89.9 4:27pm 56.2 6:39am 8 9 0.00 0 0 12:00am ESE1015.35 33 4 75.5 95.6 3:33pm 60.7 5:03am 6 12 0.00 0 0 12:00am ESE1015.29 27 5 79.1 101.5 4:21pm 62.2 6:31am 4 15 0.00 0 0 12:00am ESE1015.05 22 6 82.5 103.7 3:29pm 67.0 7:30am 2 18 0.00 0 0 12:00am SE1015.13 19 7 84.6 103.5 4:54pm 70.5 5:59am 1 21 0.00 0 7 3:36pm ESE1014.25 23 8 85.4 107.0 3:44pm 72.0 3:51am 1 21 0.00 0 7 12:00am SE1012.03 25 9 83.7 98.0 3:04pm 71.0 6:48am 1 20 0.01 0 7 12:00am SE1010.40 26 10 77.5 89.9 4:54pm 65.3 11:55pm 1 6 0.12 0 7 12:00am SE1016.07 43 11 75.3 93.8 4:14pm 60.9 6:34am 5 12 0.00 0 0 12:00am SE1016.72 43 12 77.1 96.0 4:41pm 63.6 6:44am 4 13 0.00 0 0 12:00am SE1015.05 35 13 78.6 96.7 3:26pm 66.5 2:50am 3 15 0.00 0 0 12:00am SE1012.84 28 14 78.1 96.6 3:39pm 63.7 7:13am 4 14 0.00 0 0 12:00am SE1012.75 31 15 75.7 91.4 4:00pm 62.9 11:59pm 4 12 0.00 0 0 12:00am SE1012.54 31 16 70.3 88.1 3:13pm 55.6 7:47am 8 8 0.00 0 0 12:00am SE1011.21 39 17 70.6 90.1 3:17pm 55.0 7:10am 8 9 0.00 0 0 12:00am SE1014.68 47 18 63.5 80.5 3:42pm 50.9 7:14am 12 4 0.00 0 0 12:00am SE1018.68 63 19 65.2 81.3 4:23pm 56.0 11:55pm 11 4 0.16 0 0 12:00am SE1019.45 66 20 68.1 89.2 4:42pm 51.6 6:35am 10 8 0.00 0 0 12:00am E1017.32 47 21 76.3 97.1 3:00pm 62.1 3:18am 5 13 0.00 0 0 12:00am E1020.31 30 22 77.5 95.8 3:40pm 63.8 7:07am 4 13 0.00 0 0 12:00am E1019.53 29 23 77.1 95.7 2:33pm 64.0 8:10am 4 13 0.00 0 0 12:00am E1014.32 33 24 77.3 96.5 2:50pm 63.9 4:24am 4 13 0.00 0 0 12:00am E1014.28 29 25 74.6 92.2 3:39pm 61.9 6:20am 5 11 0.00 0 0 12:00am E1015.69 34 26 68.3 85.4 2:54pm 56.6 11:57pm 9 6 0.00 0 0 12:00am E1016.92 46 27 63.0 80.1 4:18pm 47.9 7:12am 13 4 0.14 0 0 12:00am ENE1018.42 62 28 60.8 77.8 3:48pm 51.7 4:38am 14 3 0.02 0 0 12:00am ESE1017.89 62 29 62.8 82.0 3:49pm 48.0 7:36am 13 5 0.00 0 0 12:00am ESE1017.45 42 30 66.5 87.0 3:55pm 51.1 7:44am 11 7 0.00 0 0 12:00am E1018.37 31 --------------------------------------------------------------------------------------- TOT 73.3 107.0 9/8/21 47.9 9/27/21 194 323 0.45 0 7 9/7/21 SE1015.40 38 HEAT BASE: 75.0 COOL BASE: 64.0



Contact Us | Mobile
Never base any life decisions on weather information from this site or anywhere over the Internet.
Site is dedicated to our Lord & Savior Jesus Christ | Random Quotes of Jesus

Copyright © 2022 El Dorado Weather, Inc. | Site Designed By:  El Dorado Weather