Forecast Directory
U.S. Alerts
El Dorado Weather Logo
U.S. Color IR Sat North America Color Background Satellite Thumb
Norcal Dual-Pol Radar Live Northern California Doppler Radar Thumbnail Image
W. Coast IR Satellite West Coast Infrared Satellite
Live Lightning Radar Placerville California Lightning Detection Radar Thumbnail Image
Live Streaming Webcam Placerville California Live Streaming WebCam Thumbnail Image
Local Wx Station Data Sacramento, Northern Sierra Nevada & the Motherlode Area Current Weather Conditions
NOAA Climate Report From: Placerville, Ca. (EDWPC)
Archives below starts from 6/22/2006 to the present:
2022: Jan | Feb | Mar | Apr | May | Jun | Jul | Aug | Sep | Oct | Nov | Dec 
2021: Jan | Feb | Mar | Apr | May | Jun | Jul | Aug | Sep | Oct | Nov | Dec 
2020: Jan | Feb | Mar | Apr | May | Jun | Jul | Aug | Sep | Oct | Nov | Dec 
2019: Jan | Feb | Mar | Apr | May | Jun | Jul | Aug | Sep | Oct | Nov | Dec 
2018: Jan | Feb | Mar | Apr | May | Jun | Jul | Aug | Sep | Oct | Nov | Dec 
2017: Jan | Feb | Mar | Apr | May | Jun | Jul | Aug | Sep | Oct | Nov | Dec 
2016: Jan | Feb | Mar | Apr | May | Jun | Jul | Aug | Sep | Oct | Nov | Dec 
2015: Jan | Feb | Mar | Apr | May | Jun | Jul | Aug | Sep | Oct | Nov | Dec 
2014: Jan | Feb | Mar | Apr | May | Jun | Jul | Aug | Sep | Oct | Nov | Dec 
2013: Jan | Feb | Mar | Apr | May | Jun | Jul | Aug | Sep | Oct | Nov | Dec 
2012: Jan | Feb | Mar | Apr | May | Jun | Jul | Aug | Sep | Oct | Nov | Dec 
2011: Jan | Feb | Mar | Apr | May | Jun | Jul | Aug | Sep | Oct | Nov | Dec 
2010: Jan | Feb | Mar | Apr | May | Jun | Jul | Aug | Sep | Oct | Nov | Dec 
2009: Jan | Feb | Mar | Apr | May | Jun | Jul | Aug | Sep | Oct | Nov | Dec 
2008: Jan | Feb | Mar | Apr | May | Jun | Jul | Aug | Sep | Oct | Nov | Dec 
2007: Jan | Feb | Mar | Apr | May | Jun | Jul | Aug | Sep | Oct | Nov | Dec 
 2006: Jan | Feb | Mar | Apr | May | Jun | Jul | Aug | Sep | Oct | Nov | Dec 

Report for 2021 08 MONTHLY CLIMATOLOGICAL SUMMARY FOR 8/2021 HEAT COOL MEAN DEG DEG WIND SPEED DOM MEAN MEAN DAY TEMP HIGH TIME LOW TIME DAYS DAYS RAIN AVG HI TIME DIR BAROM HUM --------------------------------------------------------------------------------------- 1 82.3 101.5 4:04pm 68.1 4:05am 2 18 0.00 0 0 12:00am NE1017.15 28 2 78.0 98.7 4:37pm 59.9 6:20am 5 15 0.00 0 0 12:00am NE1018.54 32 3 82.9 103.1 4:55pm 66.2 6:36am 3 19 0.00 0 0 12:00am NE1015.87 25 4 83.1 100.5 3:07pm 68.6 4:12am 2 19 0.00 0 8 2:14pm NE1013.63 21 5 74.7 93.4 5:11pm 59.1 7:06am 5 11 0.00 0 7 12:00am NE1015.39 36 6 74.0 88.5 3:27pm 63.2 5:39am 5 10 0.00 0 7 12:00am ENE1015.08 27 7 78.2 94.9 2:47pm 66.5 7:11am 3 14 0.00 0 7 12:00am NE1012.93 34 8 78.9 97.7 3:57pm 63.6 5:48am 4 15 0.00 0 7 12:00am ENE1011.87 34 9 80.1 98.0 3:15pm 64.2 6:09am 3 16 0.00 0 7 12:00am ENE1012.21 31 10 83.0 101.2 4:00pm 67.6 3:44am 2 19 0.00 0 7 12:00am ENE1013.55 30 11 85.2 104.6 3:32pm 70.3 5:13am 1 21 0.00 0 7 12:00am ENE1013.88 29 12 83.1 96.8 3:58pm 70.3 7:20am 0 19 0.00 0 7 12:00am E1014.02 32 13 80.9 95.8 4:08pm 67.5 7:20am 2 17 0.00 0 7 12:00am ESE1016.51 36 14 85.6 100.7 5:25pm 73.2 8:02am 0 22 0.00 0 7 12:00am E1016.75 34 15 83.3 96.2 3:09pm 73.5 4:54am 0 19 0.00 0 7 12:00am E1013.80 37 16 84.5 99.8 2:58pm 72.6 6:32am 0 20 0.00 0 7 12:00am E1008.78 37 17 76.5 88.7 3:46pm 64.8 7:15am 3 13 0.00 0 1 12:00am E1007.90 41 18 70.9 83.8 4:47pm 61.1 7:22am 6 7 0.00 0 1 12:00am E1010.52 50 19 70.0 84.3 4:47pm 56.4 6:42am 7 8 0.00 0 1 12:00am E1013.21 48 20 71.2 85.0 3:22pm 60.8 3:56am 6 8 0.00 0 1 12:00am E1011.19 47 21 66.1 81.0 4:52pm 55.8 7:35am 10 4 0.00 0 1 12:00am E1009.86 60 22 68.8 86.9 4:25pm 54.1 6:49am 9 8 0.00 0 1 12:00am E1010.88 53 23 70.9 88.7 4:03pm 56.6 7:06am 7 9 0.00 0 1 12:00am E1011.72 42 24 72.1 90.0 4:37pm 57.8 6:14am 7 10 0.00 0 1 12:00am E1013.98 36 25 72.7 90.6 4:32pm 57.8 6:07am 7 10 0.00 0 1 12:00am E1016.11 38 26 75.8 96.4 4:32pm 59.9 6:52am 6 13 0.00 0 1 12:00am E1014.92 30 27 77.8 98.1 3:34pm 63.0 7:08am 4 14 0.00 0 1 12:00am E1009.91 28 28 80.9 100.0 3:56pm 66.8 7:25am 2 17 0.00 0 1 12:00am E1008.81 27 29 83.6 104.3 3:08pm 68.3 5:35am 2 20 0.00 0 1 12:00am E1009.50 25 30 83.4 101.9 3:38pm 70.1 7:35am 1 19 0.00 0 1 12:00am E1007.75 21 31 78.5 96.9 3:43pm 63.5 7:24am 3 14 0.00 0 1 12:00am E1006.30 26 --------------------------------------------------------------------------------------- TOT 78.0 104.6 8/11/21 54.1 8/22/21 117 448 0.00 0 8 8/4/21 E1012.64 35 HEAT BASE: 75.0 COOL BASE: 64.0



Contact Us | Mobile
Never base any life decisions on weather information from this site or anywhere over the Internet.
Site is dedicated to our Lord & Savior Jesus Christ | Random Quotes of Jesus

Copyright © 2022 El Dorado Weather, Inc. | Site Designed By:  El Dorado Weather