Forecast Directory
U.S. Alerts  
El Dorado Weather Logo
U.S. Color IR Sat North America Color Background Satellite Thumb
Norcal Dual-Pol Radar Live Northern California Doppler Radar Thumbnail Image
W. Coast IR Satellite West Coast Infrared Satellite
Live Lightning Radar Placerville California Lightning Detection Radar Thumbnail Image
Live Streaming Webcam Placerville California Live Streaming WebCam Thumbnail Image
Local Wx Station Data Sacramento, Northern Sierra Nevada & the Motherlode Area Current Weather Conditions
NOAA Climate Report From: Placerville, Ca. (EDWPC)
Archives below starts from 6/22/2006 to the present:
2022: Jan | Feb | Mar | Apr | May | Jun | Jul | Aug | Sep | Oct | Nov | Dec 
2021: Jan | Feb | Mar | Apr | May | Jun | Jul | Aug | Sep | Oct | Nov | Dec 
2020: Jan | Feb | Mar | Apr | May | Jun | Jul | Aug | Sep | Oct | Nov | Dec 
2019: Jan | Feb | Mar | Apr | May | Jun | Jul | Aug | Sep | Oct | Nov | Dec 
2018: Jan | Feb | Mar | Apr | May | Jun | Jul | Aug | Sep | Oct | Nov | Dec 
2017: Jan | Feb | Mar | Apr | May | Jun | Jul | Aug | Sep | Oct | Nov | Dec 
2016: Jan | Feb | Mar | Apr | May | Jun | Jul | Aug | Sep | Oct | Nov | Dec 
2015: Jan | Feb | Mar | Apr | May | Jun | Jul | Aug | Sep | Oct | Nov | Dec 
2014: Jan | Feb | Mar | Apr | May | Jun | Jul | Aug | Sep | Oct | Nov | Dec 
2013: Jan | Feb | Mar | Apr | May | Jun | Jul | Aug | Sep | Oct | Nov | Dec 
2012: Jan | Feb | Mar | Apr | May | Jun | Jul | Aug | Sep | Oct | Nov | Dec 
2011: Jan | Feb | Mar | Apr | May | Jun | Jul | Aug | Sep | Oct | Nov | Dec 
2010: Jan | Feb | Mar | Apr | May | Jun | Jul | Aug | Sep | Oct | Nov | Dec 
2009: Jan | Feb | Mar | Apr | May | Jun | Jul | Aug | Sep | Oct | Nov | Dec 
2008: Jan | Feb | Mar | Apr | May | Jun | Jul | Aug | Sep | Oct | Nov | Dec 
2007: Jan | Feb | Mar | Apr | May | Jun | Jul | Aug | Sep | Oct | Nov | Dec 
 2006: Jan | Feb | Mar | Apr | May | Jun | Jul | Aug | Sep | Oct | Nov | Dec 

Report for 2021 06 MONTHLY CLIMATOLOGICAL SUMMARY FOR 6/2021 HEAT COOL MEAN DEG DEG WIND SPEED DOM MEAN MEAN DAY TEMP HIGH TIME LOW TIME DAYS DAYS RAIN AVG HI TIME DIR BAROM HUM --------------------------------------------------------------------------------------- 1 83.0 101.9 4:57pm 68.6 7:36am 2 19 0.00 0 4 12:00am E1013.09 29 2 80.9 100.3 4:18pm 65.9 6:48am 3 17 0.00 0 4 12:00am E1011.81 35 3 80.2 99.9 4:40pm 62.7 6:52am 3 16 0.00 0 4 12:00am ENE1010.36 37 4 78.3 96.7 4:59pm 62.1 6:47am 3 14 0.00 0 0 12:00am ENE1012.41 40 5 76.4 96.1 4:56pm 59.2 7:33am 5 13 0.00 0 0 12:00am ESE1012.28 38 6 73.3 89.1 4:25pm 57.7 6:42am 6 10 0.00 0 0 12:00am ESE1009.63 39 7 64.9 79.7 4:00pm 51.4 6:48am 11 4 0.00 0 0 12:00am ESE1011.51 42 8 58.6 73.0 3:36pm 46.4 6:27am 16 2 0.00 0 0 12:00am E1018.05 48 9 56.2 68.3 4:13pm 46.0 6:26am 19 1 0.00 1 0 12:00am E1021.69 52 10 58.2 77.3 4:21pm 41.1 5:58am 17 3 0.00 0 0 12:00am E1024.57 48 11 64.0 82.5 4:48pm 46.1 6:51am 12 6 0.00 0 0 12:00am ENE1019.86 37 12 71.6 91.6 5:14pm 53.5 6:47am 8 10 0.00 0 0 12:00am ENE1015.90 41 13 72.0 88.6 4:03pm 57.7 6:41am 6 9 0.00 0 0 12:00am ENE1014.71 53 14 69.3 86.3 3:06pm 55.4 6:03am 8 7 0.00 0 10 1:27pm ENE1017.88 55 15 70.8 92.1 4:54pm 53.3 6:41am 8 10 0.00 0 2 12:00am E1019.60 37 16 76.9 98.7 4:11pm 58.3 6:39am 6 14 0.00 0 2 12:00am ENE1015.93 30 17 84.8 107.9 4:23pm 64.7 6:32am 3 21 0.00 0 2 12:00am NE1010.31 24 18 88.4 109.2 5:09pm 70.7 5:59am 1 24 0.00 0 2 12:00am E1007.53 23 19 86.8 106.0 4:54pm 71.4 6:12am 1 23 0.00 0 2 12:00am E1007.44 24 20 84.1 103.3 5:36pm 67.2 6:50am 2 20 0.00 0 2 12:00am E1009.82 25 21 78.7 95.3 3:39pm 63.6 6:24am 3 15 0.00 0 2 12:00am ESE1012.47 28 22 71.7 90.8 4:34pm 54.3 6:25am 7 10 0.00 0 2 12:00am ESE1012.95 50 23 71.7 90.5 4:51pm 55.6 6:43am 7 10 0.00 0 6 2:54pm ESE1013.91 52 24 72.0 90.9 4:24pm 56.0 6:51am 7 10 0.00 0 6 12:00am ESE1016.38 48 25 75.4 93.6 3:49pm 59.1 6:34am 5 12 0.00 0 6 12:00am ESE1015.16 44 26 81.4 101.7 4:26pm 63.4 7:02am 3 17 0.00 0 6 12:00am E1012.40 43 27 84.3 102.6 4:55pm 68.8 6:21am 1 20 0.00 0 6 12:00am SE1008.53 39 28 82.3 102.3 5:40pm 66.5 6:47am 2 18 0.00 0 6 12:00am ESE1007.77 41 29 82.9 101.9 5:03pm 68.3 7:04am 2 19 0.00 0 6 12:00am ESE1008.44 37 30 82.1 97.9 4:15pm 69.1 7:07am 1 18 0.00 0 6 12:00am SE1010.26 38 --------------------------------------------------------------------------------------- TOT 75.4 109.2 6/18/21 41.1 6/10/21 178 393 0.00 0 10 6/14/21 E1013.38 39 HEAT BASE: 75.0 COOL BASE: 64.0



Contact Us Contact Us Thumbnail | Mobile Mobile Phone Thumbnail
Never base any life decisions on weather information from this site or anywhere over the Internet.
Site is dedicated to our Lord & Savior Jesus Christ | Random Quotes of Jesus

Copyright © 2022 El Dorado Weather, Inc. | Site Designed By:  Webmaster Danny