Forecast Directory
U.S. Alerts
El Dorado Weather Logo
U.S. Color IR Sat North America Color Background Satellite Thumb
Norcal Dual-Pol Radar Live Northern California Doppler Radar Thumbnail Image
W. Coast IR Satellite West Coast Infrared Satellite
Storm Cell Tracking Live Northern California Radar and Satellite Thumbnail Image
Street Level Radar Live U.S. Google Map Radar Thumbnail Image
Live Lightning Radar Placerville California Lightning Detection Radar Thumbnail Image
Live Streaming Webcam Placerville California Live Streaming WebCam Thumbnail Image
Local Wx Station Data Sacramento, Northern Sierra Nevada & the Motherlode Area Current Weather Conditions
NOAA Climate Report From: Placerville, Ca. (EDWPC)
Archives below starts from 6/22/2006 to the present:
2020: Jan | Feb | Mar | Apr | May | Jun | Jul | Aug | Sep | Oct | Nov | Dec 
2019: Jan | Feb | Mar | Apr | May | Jun | Jul | Aug | Sep | Oct | Nov | Dec 
2018: Jan | Feb | Mar | Apr | May | Jun | Jul | Aug | Sep | Oct | Nov | Dec 
2017: Jan | Feb | Mar | Apr | May | Jun | Jul | Aug | Sep | Oct | Nov | Dec 
2016: Jan | Feb | Mar | Apr | May | Jun | Jul | Aug | Sep | Oct | Nov | Dec 
2015: Jan | Feb | Mar | Apr | May | Jun | Jul | Aug | Sep | Oct | Nov | Dec 
2014: Jan | Feb | Mar | Apr | May | Jun | Jul | Aug | Sep | Oct | Nov | Dec 
2013: Jan | Feb | Mar | Apr | May | Jun | Jul | Aug | Sep | Oct | Nov | Dec 
2012: Jan | Feb | Mar | Apr | May | Jun | Jul | Aug | Sep | Oct | Nov | Dec 
2011: Jan | Feb | Mar | Apr | May | Jun | Jul | Aug | Sep | Oct | Nov | Dec 
2010: Jan | Feb | Mar | Apr | May | Jun | Jul | Aug | Sep | Oct | Nov | Dec 
2009: Jan | Feb | Mar | Apr | May | Jun | Jul | Aug | Sep | Oct | Nov | Dec 
2008: Jan | Feb | Mar | Apr | May | Jun | Jul | Aug | Sep | Oct | Nov | Dec 
2007: Jan | Feb | Mar | Apr | May | Jun | Jul | Aug | Sep | Oct | Nov | Dec 
 2006: Jan | Feb | Mar | Apr | May | Jun | Jul | Aug | Sep | Oct | Nov | Dec 

Report for 2020 05 MONTHLY CLIMATOLOGICAL SUMMARY FOR 5/2020 HEAT COOL MEAN DEG DEG WIND SPEED DOM MEAN MEAN DAY TEMP HIGH TIME LOW TIME DAYS DAYS RAIN AVG HI TIME DIR BAROM HUM --------------------------------------------------------------------------------------- 1 63.1 81.3 4:55pm 45.9 6:49am 13 5 0.00 0 0 12:00am SE1019.49 51 2 59.2 71.1 2:36pm 48.0 4:23am 16 2 0.00 0 0 12:00am SSE1021.28 68 3 60.9 75.9 4:34pm 50.3 4:41am 14 3 0.00 0 0 12:00am SE1022.55 63 4 62.0 82.1 4:18pm 45.1 7:05am 14 5 0.00 0 0 12:00am SE1022.81 43 5 65.4 83.3 3:34pm 49.5 4:44am 11 6 0.00 0 0 12:00am SE1021.24 41 6 64.2 84.2 4:33pm 46.5 7:13am 13 6 0.00 0 0 12:00am SE1022.09 52 7 68.6 89.3 4:59pm 50.6 6:21am 10 8 0.00 0 0 12:00am SE1016.46 43 8 72.8 92.2 2:52pm 57.3 6:19am 7 11 0.00 0 0 12:00am SE1013.84 44 9 73.8 92.7 3:54pm 59.7 6:36am 6 11 0.00 0 0 12:00am SE1013.42 42 10 67.2 83.3 4:52pm 53.8 6:57am 9 6 0.00 0 0 12:00am SE1013.62 45 11 61.1 76.2 3:14pm 47.6 7:22am 14 3 0.03 0 0 12:00am SE1015.76 46 12 55.1 63.4 5:25pm 51.1 10:14am 20 0 0.15 0 0 12:00am SE1017.58 79 13 55.7 66.1 2:59pm 45.6 5:51am 19 0 0.00 0 0 12:00am SE1020.20 68 14 56.2 67.0 2:36pm 47.4 4:26am 19 0 0.00 0 0 12:00am SE1022.00 71 15 60.9 77.9 4:04pm 45.5 6:45am 14 4 0.00 0 0 12:00am SE1020.27 64 16 64.3 79.5 3:56pm 52.1 5:59am 11 5 0.00 0 0 12:00am SE1015.49 60 17 57.5 63.2 4:42pm 54.3 11:53pm 17 0 0.51 0 0 12:00am SE1012.78 86 18 53.7 62.6 3:57pm 48.9 6:56am 21 0 0.55 0 0 12:00am NNE1015.71 83 19 54.4 67.8 5:36pm 46.0 3:35am 21 0 0.05 0 0 12:00am SE1019.06 76 20 59.0 74.8 4:38pm 48.5 4:09am 16 2 0.00 0 0 12:00am SSE1021.67 68 21 63.7 81.9 5:15pm 47.3 6:12am 12 5 0.00 0 0 12:00am SE1018.09 58 22 62.1 78.0 3:12pm 49.7 6:49am 13 3 0.00 0 0 12:00am SE1014.41 54 23 64.5 83.5 3:53pm 48.1 6:19am 12 6 0.00 0 0 12:00am SE1015.55 40 24 68.0 86.4 4:22pm 52.4 6:25am 9 8 0.00 0 0 12:00am SE1016.29 49 25 74.5 95.6 4:25pm 57.3 5:10am 6 12 0.00 0 0 12:00am SE1014.45 44 26 79.9 99.3 4:00pm 65.5 1:37am 3 16 0.00 0 0 12:00am SE1013.31 44 27 82.0 100.9 4:15pm 67.5 6:54am 2 18 0.00 0 0 12:00am SE1012.89 43 28 81.4 101.9 3:08pm 65.7 3:51am 3 17 0.00 0 0 12:00am SSE1012.72 35 29 72.2 86.9 1:35pm 58.8 11:57pm 5 9 0.00 0 0 12:00am SE1011.57 52 30 60.8 75.5 2:10pm 54.6 3:22am 14 2 0.21 0 0 12:00am SSE1015.75 75 31 62.2 72.4 4:33pm 50.5 6:25am 13 3 0.00 0 0 12:00am SSE1016.67 75 --------------------------------------------------------------------------------------- TOT 64.7 101.9 5/28/20 45.1 5/4/20 380 175 1.50 0 0 5/1/20 SE1017.04 57 HEAT BASE: 75.0 COOL BASE: 64.0



Contact Us | Mobile
Never base any life decisions on weather information from this site or anywhere over the Internet.
Site is dedicated to our Lord & Savior Jesus Christ | Random Quotes of Jesus

Copyright © 2020 El Dorado Weather, Inc. | Site Designed By:  El Dorado Weather