Forecast Directory
U.S. Alerts
El Dorado Weather Logo
U.S. Color IR Sat North America Color Background Satellite Thumb
Norcal Dual-Pol Radar Live Northern California Doppler Radar Thumbnail Image
W. Coast IR Satellite West Coast Infrared Satellite
Storm Cell Tracking Live Northern California Radar and Satellite Thumbnail Image
Street Level Radar Live U.S. Google Map Radar Thumbnail Image
Live Lightning Radar Placerville California Lightning Detection Radar Thumbnail Image
Live Streaming Webcam Placerville California Live Streaming WebCam Thumbnail Image
Local Wx Station Data Sacramento, Northern Sierra Nevada & the Motherlode Area Current Weather Conditions

NOAA Climate Report From: Placerville, Ca. Weather Station (EDWPC)

Archives below start from 6/22/2006 to the present:
2020: Jan | Feb | Mar | Apr | May | Jun | Jul | Aug | Sep | Oct | Nov | Dec 
2019: Jan | Feb | Mar | Apr | May | Jun | Jul | Aug | Sep | Oct | Nov | Dec 
2018: Jan | Feb | Mar | Apr | May | Jun | Jul | Aug | Sep | Oct | Nov | Dec 
2017: Jan | Feb | Mar | Apr | May | Jun | Jul | Aug | Sep | Oct | Nov | Dec 
2016: Jan | Feb | Mar | Apr | May | Jun | Jul | Aug | Sep | Oct | Nov | Dec 
2015: Jan | Feb | Mar | Apr | May | Jun | Jul | Aug | Sep | Oct | Nov | Dec 
2014: Jan | Feb | Mar | Apr | May | Jun | Jul | Aug | Sep | Oct | Nov | Dec 
2013: Jan | Feb | Mar | Apr | May | Jun | Jul | Aug | Sep | Oct | Nov | Dec 
2012: Jan | Feb | Mar | Apr | May | Jun | Jul | Aug | Sep | Oct | Nov | Dec 
2011: Jan | Feb | Mar | Apr | May | Jun | Jul | Aug | Sep | Oct | Nov | Dec 
2010: Jan | Feb | Mar | Apr | May | Jun | Jul | Aug | Sep | Oct | Nov | Dec 
2009: Jan | Feb | Mar | Apr | May | Jun | Jul | Aug | Sep | Oct | Nov | Dec 
2008: Jan | Feb | Mar | Apr | May | Jun | Jul | Aug | Sep | Oct | Nov | Dec 
2007: Jan | Feb | Mar | Apr | May | Jun | Jul | Aug | Sep | Oct | Nov | Dec 
 2006: Jan | Feb | Mar | Apr | May | Jun | Jul | Aug | Sep | Oct | Nov | Dec 

Report for 2020 02 MONTHLY CLIMATOLOGICAL SUMMARY FOR 2/2020 HEAT COOL MEAN DEG DEG WIND SPEED DOM MEAN MEAN DAY TEMP HIGH TIME LOW TIME DAYS DAYS RAIN AVG HI TIME DIR BAROM HUM --------------------------------------------------------------------------------------- 1 53.1 72.0 2:43pm 41.2 7:03am 22 1 0.00 0 0 12:00am NNE1028.35 68 2 43.8 51.1 3:37pm 31.1 11:57pm 31 0 0.01 0 1 9:57am NE1021.02 68 3 37.9 56.1 1:49pm 26.7 7:47am 37 0 0.00 0 1 12:00am E1023.47 46 4 39.0 54.8 1:19pm 27.7 2:44am 36 0 0.00 0 1 12:00am NE1027.18 42 5 42.7 59.6 2:56pm 32.4 6:07am 32 0 0.00 0 1 12:00am NE1027.47 57 6 45.8 63.0 2:29pm 35.4 7:26am 29 0 0.00 0 1 12:00am NE1025.07 65 7 48.8 67.8 2:32pm 37.2 7:48am 26 0 0.00 0 1 12:00am NE1023.94 64 8 47.9 64.8 2:22pm 38.2 7:47am 27 0 0.00 0 1 12:00am NE1020.10 63 9 48.9 61.8 2:08pm 37.8 1:33am 26 0 0.00 1 1 12:00am WNW1019.49 36 10 51.8 74.2 3:12pm 36.0 4:35am 23 2 0.00 0 1 12:00am E1019.45 35 11 51.5 70.7 3:09pm 38.6 4:38am 24 1 0.00 0 1 12:00am NE1020.96 48 12 50.8 68.8 2:26pm 40.5 7:12am 24 0 0.00 0 1 12:00am NE1020.64 55 13 50.2 67.0 2:04pm 39.6 7:21am 25 0 0.00 0 0 12:00am NE1020.99 59 14 49.9 67.5 2:19pm 38.6 5:07am 25 0 0.00 0 0 12:00am ENE1022.19 65 15 50.9 68.0 2:44pm 40.2 3:14am 24 0 0.00 0 0 12:00am NE1025.53 65 16 52.0 66.2 2:29pm 43.1 11:44pm 23 0 0.00 0 0 12:00am NE1024.72 62 17 51.5 71.1 1:03pm 38.4 6:50am 24 1 0.00 0 0 12:00am ENE1020.83 52 18 50.4 65.8 1:09pm 39.8 7:34am 25 0 0.00 0 0 12:00am NE1020.07 53 19 51.2 68.1 3:02pm 41.5 2:59am 24 0 0.00 0 0 12:00am NE1022.13 60 20 53.4 70.6 1:25pm 42.4 1:08am 22 1 0.00 0 0 12:00am NE1023.22 49 21 56.2 75.4 1:53pm 44.9 1:32am 19 2 0.00 0 0 12:00am E1020.24 44 22 55.3 69.8 3:13pm 44.7 11:38pm 20 1 0.00 0 3 11:39am NE1018.22 52 23 50.0 64.6 2:09pm 39.5 6:25am 25 0 0.00 0 3 12:00am NE1028.46 72 24 51.6 71.4 2:28pm 35.9 7:29am 23 1 0.00 0 3 12:00am E1029.46 55 25 54.9 73.7 2:01pm 41.3 7:21am 20 2 0.00 0 3 12:00am NE1028.13 50 26 57.7 76.8 1:28pm 44.9 7:26am 17 3 0.00 0 3 12:00am NE1029.34 50 27 58.8 78.3 2:00pm 46.5 5:03am 17 3 0.00 0 3 12:00am NE1026.39 46 28 59.2 76.0 1:43pm 48.3 7:20am 16 3 0.00 0 3 12:00am ENE1022.76 48 29 53.6 65.0 2:12pm 45.7 7:20am 21 0 0.00 0 3 12:00am NE1018.22 57 --------------------------------------------------------------------------------------- TOT 50.6 78.3 2/27/20 26.7 2/3/20 707 24 0.01 0 3 2/22/20 NE1023.37 55 HEAT BASE: 75.0 COOL BASE: 64.0



Contact Us | Mobile
Never base any life decisions on weather information from this site or anywhere over the Internet.
Site is dedicated to our Lord & Savior Jesus Christ | Random Quotes of Jesus

Copyright © 2020 El Dorado Weather, Inc. | Site Designed By:  El Dorado Weather