MONTHLY CLIMATOLOGICAL SUMMARY for SEP. 2007 NAME: El Dorado Weather CITY: Placerville STATE: California ELEV: 1688 LAT: 038:41:43 LONG: 0120:50:56 TEMPERATURE ( °F), RAIN (in.), WIND SPEED (mph) HEAT COOL AVG MEAN DEG DEG WIND DOM DAY TEMP HIGH TIME LOW TIME DAYS DAYS RAIN SPEED HIGH TIME DIR ---------------------------------------------------------------------------------------------------------------------------------------------------------- 01 85.5 100.7 15:22 70.3 05:03 00.0 17.9 00.00 00.1 09.2 14:25 SE 02 82.6 97.9 14:15 67.4 06:52 00.0 16.5 00.00 00.1 11.5 15:00 SSE 03 82.9 97.7 15:10 68.1 00:00 00.0 16.0 00.00 00.1 11.5 14:52 S 04 71.2 84.7 15:02 57.6 05:52 00.0 04.8 00.00 00.1 11.5 16:06 SE 05 72.0 87.5 14:07 56.6 05:40 00.0 07.0 00.00 00.0 09.2 13:11 SE 06 77.0 92.7 15:44 61.3 07:11 00.0 11.4 00.00 00.1 06.9 14:58 SSE 07 69.2 82.5 15:40 56.0 07:17 00.0 03.6 00.00 00.0 08.1 13:42 SSE 08 76.2 90.9 16:02 61.6 04:31 00.0 09.0 00.00 00.1 06.9 14:35 SSW 09 75.5 88.5 14:54 62.6 06:58 00.0 07.8 00.00 00.1 06.9 13:53 SE 10 72.0 85.7 15:40 58.2 06:57 00.0 05.6 00.00 00.1 10.3 14:38 SSE 11 75.8 90.3 15:30 61.2 05:45 00.0 08.5 00.00 00.1 06.9 16:43 SSE 12 69.1 81.6 13:39 56.5 23:18 00.0 02.0 00.00 00.1 09.2 15:31 S 13 66.0 76.4 14:43 55.6 05:55 02.6 00.0 00.00 00.1 09.2 10:04 SSE 14 64.5 78.5 14:58 50.5 06:52 01.8 00.0 00.00 00.1 11.5 16:17 SE 15 64.0 77.3 14:58 50.7 06:48 03.1 00.0 00.00 00.1 09.2 16:57 SSE 16 63.9 78.7 15:47 49.1 07:01 02.6 00.0 00.00 00.1 09.2 15:59 S 17 66.5 80.1 14:47 52.8 06:23 00.0 00.1 00.00 00.1 06.9 11:02 SSE 18 68.3 80.4 15:23 56.2 07:17 00.0 01.4 00.00 00.1 10.3 12:09 S 19 58.6 67.1 15:57 50.2 07:00 07.7 00.0 00.00 00.4 13.8 11:40 SW 20 59.1 68.4 16:34 49.9 06:21 08.4 00.0 00.12 00.0 04.6 13:08 S 21 60.9 73.5 13:12 48.4 06:23 05.0 00.0 00.00 00.0 06.9 13:25 ESE 22 54.7 60.0 16:55 49.5 05:05 10.6 00.0 00.13 00.0 03.5 14:19 SSW 23 58.8 66.2 15:20 51.4 23:49 08.8 00.0 00.02 00.0 03.5 15:02 NNW 24 61.6 76.0 15:25 47.1 07:38 04.8 00.0 00.00 00.1 09.2 13:24 E 25 68.3 83.1 14:14 53.5 07:09 00.0 02.3 00.00 00.1 06.9 17:15 SE 26 72.3 86.4 15:00 58.2 06:57 00.0 05.2 00.00 00.1 09.2 15:20 SE 27 74.1 88.2 13:04 60.0 00:00 00.0 06.5 00.00 00.1 10.3 14:52 SSW 28 56.5 65.0 14:55 48.0 00:00 08.8 00.0 00.24 00.1 17.3 22:23 SSW 29 56.6 70.4 14:52 42.7 07:22 10.6 00.0 00.00 00.0 04.6 16:04 SE 30 62.6 77.4 14:43 47.9 03:49 04.4 00.0 00.00 00.1 10.3 15:12 SE ---------------------------------------------------------------------------------------------------------------------------------------------------------- 66.5 (68.2) 100.7 day 01 42.7 day 29 079.1 125.8 00.51 00.1 17.3 day 26 SSE Max >= 86: 10 Min <= 86: 30 Max Rain: 0.24 ON 28-09-09 Days of Rain: 4 (> .008in) 3 (> .08in) 0 (> 0.8in)