MONTHLY CLIMATOLOGICAL SUMMARY for AUG. 2023 NAME: CITY: STATE: ELEV: LAT: LONG: TEMPERATURE ( °F), RAIN (in.), WIND SPEED (mph) HEAT COOL AVG MEAN DEG DEG WIND DOM DAY TEMP HIGH TIME LOW TIME DAYS DAYS RAIN SPEED HIGH TIME DIR -------------------------------------------------------------------------------------------------------- 01 76.7 089.6 18:40 64.4 07:55 00.0 11.8 00.00 00.2 16.1 13:19 SE 02 72.0 089.6 17:09 55.6 07:23 00.0 07.0 00.00 00.4 12.7 17:57 ESE 03 70.4 087.7 16:20 55.2 07:29 00.0 05.5 00.00 00.3 16.1 16:50 E 04 74.0 092.5 17:25 57.4 04:03 00.0 09.0 00.00 00.4 17.3 15:50 ESE 05 79.0 096.7 17:41 63.5 07:46 00.0 14.1 00.00 00.4 20.7 12:24 ESE 06 81.2 100.9 16:38 65.1 07:36 00.0 16.3 00.00 00.6 24.1 15:01 SSE 07 82.5 099.5 16:20 68.5 02:47 00.0 17.5 00.00 00.7 19.6 14:02 ESE 08 77.4 092.8 17:06 64.5 07:05 00.0 12.5 00.00 00.5 19.6 13:44 ESE 09 73.9 092.3 17:18 57.8 07:27 00.0 08.9 00.00 00.5 17.3 16:25 SE 10 74.9 091.4 16:31 58.6 07:00 00.0 10.0 00.00 00.5 23.0 14:21 SSE 11 74.3 089.1 16:19 60.3 07:14 00.0 09.4 00.00 00.4 17.3 16:20 ESE 12 78.8 095.1 17:05 63.7 06:56 00.0 13.8 00.00 00.4 16.1 15:18 ESE 13 81.5 098.9 16:22 68.8 07:40 00.0 16.6 00.00 00.4 17.3 17:22 E 14 83.9 102.5 16:06 73.4 07:08 00.0 19.0 00.00 00.2 12.7 16:10 NNE 15 85.1 100.9 16:05 71.9 07:42 00.0 20.2 00.00 00.6 17.3 13:45 NE 16 88.5 105.8 16:38 76.3 04:50 00.0 23.5 00.00 00.5 20.7 13:36 NNE 17 86.7 103.1 16:21 74.0 08:13 00.0 21.8 00.00 00.5 17.3 15:15 E 18 78.1 093.9 16:25 65.8 07:59 00.0 13.1 00.00 00.4 16.1 12:28 ESE 19 79.0 097.0 16:38 64.3 07:22 00.0 14.1 00.01 00.7 26.4 22:47 ENE 20 74.4 080.6 14:25 67.2 07:55 00.0 09.4 00.00 00.4 17.3 00:24 E 21 71.4 079.2 14:30 64.7 08:21 00.0 06.4 00.04 00.9 19.6 15:53 NNE 22 72.6 087.5 15:43 60.5 04:55 00.0 07.7 00.00 00.3 20.7 14:49 ENE 23 76.7 094.3 16:17 62.4 07:07 00.0 11.8 00.00 00.4 17.3 14:05 E 24 79.4 096.4 15:49 66.9 07:02 00.0 14.4 00.00 00.6 19.6 19:00 ENE 25 74.5 091.7 16:49 60.1 07:40 00.0 09.6 00.00 00.3 12.7 14:46 NE 26 76.3 093.9 16:22 62.7 08:03 00.0 11.4 00.00 00.4 23.0 13:59 NE 27 76.3 094.5 16:50 61.2 07:44 00.0 11.4 00.00 00.4 19.6 12:32 NE 28 78.0 097.7 16:57 63.2 06:13 00.0 13.1 00.00 00.3 12.7 17:10 ENE 29 75.6 095.8 16:02 59.6 07:48 00.0 10.7 00.00 00.4 16.1 13:46 NNE 30 77.1 096.6 16:27 60.8 07:39 00.0 12.1 00.00 00.3 12.7 14:35 NNE 31 77.1 093.0 15:03 65.4 04:44 00.0 12.2 00.00 00.8 23.0 12:36 NNE -------------------------------------------------------------------------------------------------------- 77.7 (79.1) 105.8 day 16 55.2 day 03 000.0 394.3 00.05 00.5 26.5 day 19 E Max >= 86: 29 Min <= 86: 31 Max Rain: 0.04 ON 21-08-23 Days of Rain: 2 (> .008in) 0 (> .08in) 0 (> 0.8in)