MONTHLY CLIMATOLOGICAL SUMMARY for AUG. 2016 NAME: CITY: STATE: ELEV: LAT: LONG: TEMPERATURE ( °F), RAIN (in.), WIND SPEED (mph) HEAT COOL AVG MEAN DEG DEG WIND DOM DAY TEMP HIGH TIME LOW TIME DAYS DAYS RAIN SPEED HIGH TIME DIR ---------------------------------------------------------------------------------------------------------------------------------------------------------- 01 77.4 096.7 16:45 62.5 06:01 00.0 12.5 00.00 00.5 11.5 14:04 SW 02 78.2 098.0 15:31 61.5 06:40 00.0 13.3 00.00 00.6 11.5 17:00 SW 03 80.8 100.4 15:10 65.7 02:18 00.0 15.9 00.00 00.6 17.3 17:17 W 04 74.4 093.3 15:38 61.2 07:44 00.0 09.5 00.00 00.6 14.9 13:57 S 05 67.8 086.3 16:05 50.2 07:48 00.0 02.9 00.00 00.4 10.3 14:53 SW 06 71.9 087.3 15:38 58.1 03:43 00.0 07.0 00.00 00.8 24.1 15:07 SW 07 72.7 088.7 16:15 56.5 06:42 00.0 07.8 00.00 00.6 14.9 16:26 WSW 08 74.1 090.6 15:35 59.7 07:15 00.0 09.2 00.00 00.7 17.3 13:20 SSW 09 74.0 090.3 16:20 57.9 07:32 00.0 09.0 00.00 00.6 20.7 14:50 WSW 10 75.2 089.6 15:56 63.6 03:02 00.0 10.3 00.00 00.7 20.7 14:40 SW 11 76.2 092.4 15:56 62.0 06:55 00.0 11.3 00.00 00.5 18.4 14:04 SW 12 79.3 095.0 16:10 66.5 07:14 00.0 14.4 00.00 00.6 14.9 13:46 WSW 13 81.9 098.5 14:17 67.8 04:26 00.0 17.0 00.00 00.6 18.4 12:38 WSW 14 83.2 098.6 15:16 70.7 02:09 00.0 18.3 00.00 00.7 17.3 13:32 SW 15 79.0 094.5 15:30 65.4 07:05 00.0 14.1 00.00 00.5 14.9 14:44 W 16 80.0 096.3 15:54 66.8 04:33 00.0 15.1 00.00 00.6 14.9 16:47 W 17 80.5 095.8 16:36 67.0 07:09 00.0 15.6 00.00 00.6 13.8 14:47 SW 18 80.1 095.1 16:07 67.3 06:35 00.0 15.2 00.00 00.6 11.5 16:42 SSW 19 78.0 092.4 16:37 66.4 07:02 00.0 13.1 00.00 00.5 14.9 12:08 SW 20 76.8 093.3 15:25 62.8 06:39 00.0 11.9 00.00 00.7 14.9 15:26 SSW 21 75.1 089.6 16:02 61.7 06:52 00.0 10.2 00.00 00.7 14.9 13:58 SSW 22 72.7 088.5 15:16 63.2 08:02 00.0 07.8 00.00 00.2 11.5 17:59 SE 23 72.0 088.4 16:14 58.0 05:41 00.0 07.0 00.00 00.7 17.3 12:08 SSE 24 73.0 090.5 16:31 59.0 05:42 00.0 08.0 00.00 00.5 17.3 12:21 SSW 25 74.6 090.3 14:48 59.9 07:29 00.0 09.6 00.00 00.7 14.9 15:51 SSW 26 70.4 085.6 15:17 59.9 03:12 00.0 05.4 00.00 00.5 11.5 13:57 SSW 27 67.6 086.0 17:27 53.4 07:16 00.0 02.7 00.00 00.4 11.5 12:26 SSW 28 71.5 093.3 16:06 53.9 06:50 00.0 06.6 00.00 00.5 14.9 13:09 SW 29 74.2 093.9 15:51 59.2 07:19 00.0 09.2 00.00 00.6 14.9 14:48 SW 30 74.6 093.7 16:37 60.5 05:48 00.0 09.7 00.00 00.6 17.3 13:50 SW 31 73.3 090.0 15:53 61.6 00:00 00.0 08.4 00.00 00.7 11.5 15:29 WSW ---------------------------------------------------------------------------------------------------------------------------------------------------------- 75.5 (77.0) 100.4 day 03 50.2 day 05 000.0 327.8 00.00 00.6 24.2 day 12 SW Max >= 86: 30 Min <= 86: 31 Max Rain: 0.00 ON 0-08-16 Days of Rain: 0 (> .008in) 0 (> .08in) 0 (> 0.8in)