MONTHLY CLIMATOLOGICAL SUMMARY for JUL. 2014 NAME: CITY: STATE: ELEV: LAT: LONG: TEMPERATURE ( °F), RAIN (in.), WIND SPEED (mph) HEAT COOL AVG MEAN DEG DEG WIND DOM DAY TEMP HIGH TIME LOW TIME DAYS DAYS RAIN SPEED HIGH TIME DIR ---------------------------------------------------------------------------------------------------------------------------------------------------------- 01 83.3 099.7 16:28 68.6 07:05 00.0 18.3 00.00 00.9 14.9 14:22 WSW 02 79.5 100.1 16:06 62.3 05:43 00.0 14.5 00.00 00.8 17.3 14:52 WSW 03 79.2 099.3 16:32 62.3 07:05 00.0 14.2 00.00 00.9 17.3 16:37 WSW 04 81.8 099.4 16:23 68.3 03:40 00.0 16.9 00.00 01.2 20.7 15:35 W 05 81.5 101.0 16:57 64.4 05:32 00.0 16.5 00.00 00.8 14.9 14:47 WSW 06 83.4 102.1 16:25 66.9 03:33 00.0 18.4 00.00 00.8 14.9 15:45 WSW 07 81.8 099.9 16:29 69.9 06:30 00.0 16.9 00.00 00.4 13.8 15:31 SW 08 83.4 100.5 17:15 70.3 07:38 00.0 18.5 00.00 00.7 14.9 13:23 WNW 09 79.6 098.7 17:11 64.2 06:37 00.0 14.7 00.00 00.8 14.9 15:47 WNW 10 75.9 093.2 17:28 62.8 07:05 00.0 10.9 00.00 00.8 14.9 15:18 WNW 11 74.2 093.0 16:00 61.0 07:42 00.0 09.2 00.00 00.9 17.3 10:54 W 12 75.3 094.4 16:35 58.8 06:41 00.0 10.4 00.00 00.9 18.4 15:06 W 13 82.4 100.5 16:49 66.4 06:32 00.0 17.5 00.00 00.7 14.9 13:28 WNW 14 86.5 103.9 15:43 72.6 06:14 00.0 21.5 00.00 00.9 18.4 15:43 W 15 79.4 093.2 14:48 70.6 07:20 00.0 14.4 00.00 00.6 17.3 13:53 W 16 73.8 087.6 16:17 62.6 00:00 00.0 08.9 00.00 01.2 14.9 12:49 SW 17 70.5 087.4 17:18 57.8 07:13 00.0 05.5 00.00 01.1 17.3 14:59 SW 18 72.6 091.1 16:35 57.5 06:56 00.0 07.7 00.00 00.9 13.8 14:45 SW 19 77.0 096.0 16:32 59.4 06:34 00.0 12.0 00.00 00.9 14.9 13:19 WSW 20 74.0 086.0 13:37 67.3 00:00 00.0 09.1 00.03 00.6 14.9 13:47 WSW 21 73.0 088.4 15:38 60.9 06:52 00.0 08.0 00.00 01.0 18.4 13:57 SW 22 72.4 089.7 17:04 61.7 05:28 00.0 07.5 00.00 01.0 17.3 18:08 W 23 70.5 089.6 17:22 56.7 04:47 00.0 05.6 00.00 00.9 17.3 14:45 WSW 24 77.1 096.1 17:00 60.8 04:25 00.0 12.2 00.00 00.8 14.9 13:13 WNW 25 82.8 102.2 16:49 67.9 05:57 00.0 17.9 00.00 00.9 18.4 13:07 WNW 26 85.3 103.4 16:27 71.0 06:42 00.0 20.3 00.00 00.9 18.4 13:29 WSW 27 85.7 102.9 13:41 72.3 06:39 00.0 20.7 00.00 01.0 20.7 14:30 WNW 28 82.8 099.4 17:10 70.0 06:09 00.0 17.9 00.00 00.9 20.7 15:23 W 29 82.7 101.8 15:59 71.4 09:16 00.0 17.7 00.00 00.8 18.4 16:05 WSW 30 84.2 102.8 15:51 68.8 06:44 00.0 19.2 00.00 00.7 17.3 14:08 W 31 86.4 104.3 16:40 72.6 07:17 00.0 21.5 00.00 00.9 20.7 16:28 W ---------------------------------------------------------------------------------------------------------------------------------------------------------- 79.3 (81.2) 104.3 day 31 56.7 day 23 000.0 444.8 00.08 00.9 20.7 day 12 W Max >= 86: 31 Min <= 86: 31 Max Rain: 0.05 ON 31-07-14 Days of Rain: 2 (> .008in) 0 (> .08in) 0 (> 0.8in)