MONTHLY CLIMATOLOGICAL SUMMARY for DEC. 2023 NAME: CITY: STATE: ELEV: LAT: LONG: TEMPERATURE ( °F), RAIN (in.), WIND SPEED (mph) HEAT COOL AVG MEAN DEG DEG WIND DOM DAY TEMP HIGH TIME LOW TIME DAYS DAYS RAIN SPEED HIGH TIME DIR -------------------------------------------------------------------------------------------------------- 01 45.8 056.9 14:33 37.1 07:31 19.1 00.0 00.00 00.2 13.8 13:01 NW 02 47.1 051.1 13:13 42.4 02:58 17.9 00.0 00.16 00.2 12.7 11:00 SW 03 50.6 057.7 12:50 45.8 00:00 14.4 00.0 00.03 00.1 09.2 13:13 W 04 48.8 062.8 14:15 40.7 07:40 16.2 00.0 00.01 00.0 09.2 12:19 NNE 05 50.9 067.3 13:45 41.5 07:28 14.0 00.0 00.00 00.0 10.3 14:00 E 06 48.6 056.8 09:20 44.5 06:28 16.3 00.0 00.51 00.5 23.0 15:58 W 07 44.0 047.4 12:22 38.0 00:00 20.9 00.0 00.07 00.2 12.7 02:47 WSW 08 40.3 052.6 13:44 32.9 07:42 24.6 00.0 00.01 00.1 12.7 15:49 W 09 41.4 056.1 14:31 32.5 02:28 23.6 00.0 00.00 00.1 09.2 13:09 NNW 10 45.1 058.6 13:37 38.0 07:41 19.8 00.0 00.00 00.0 06.9 11:15 NE 11 45.2 060.2 14:13 37.8 07:39 19.8 00.0 00.00 00.1 09.2 15:08 NNW 12 44.6 059.7 13:37 36.4 08:01 20.4 00.0 00.00 00.1 10.3 14:27 ENE 13 45.0 061.6 14:44 36.3 08:19 19.9 00.0 00.00 00.0 10.3 13:56 NNE 14 48.1 061.5 13:39 39.4 07:45 16.8 00.0 00.00 00.1 09.2 13:06 WSW 15 49.9 066.6 14:32 41.8 08:04 15.1 00.0 00.00 00.0 09.2 13:53 N 16 52.9 070.6 14:30 44.5 02:34 12.1 00.0 00.00 00.1 09.2 13:26 NE 17 52.3 067.5 13:39 45.9 01:37 12.7 00.0 00.01 00.2 20.7 16:56 SSW 18 50.9 056.0 18:28 45.1 08:14 14.0 00.0 00.57 01.8 27.6 16:31 SW 19 53.1 055.8 14:10 49.9 21:49 11.8 00.0 00.50 01.0 20.7 10:40 SW 20 51.2 056.8 14:00 48.4 23:50 13.8 00.0 00.13 00.3 19.6 15:23 WSW 21 50.8 063.2 15:06 44.4 07:59 14.1 00.0 00.00 00.1 05.8 15:38 NW 22 50.2 065.3 14:24 42.7 05:35 14.8 00.0 00.00 00.2 12.7 14:31 WNW 23 45.0 055.9 14:28 38.9 05:44 20.0 00.0 00.01 00.1 10.3 13:06 N 24 45.2 054.4 13:32 37.7 07:44 19.7 00.0 00.00 00.1 09.2 13:06 NNW 25 46.6 057.5 14:44 39.8 08:08 18.4 00.0 00.00 00.1 12.7 14:58 WNW 26 48.4 058.9 14:00 42.1 08:19 16.5 00.0 00.00 00.1 10.3 13:48 WSW 27 48.3 060.0 14:17 41.0 08:07 16.7 00.0 00.15 00.6 23.0 18:48 SW 28 50.5 060.3 15:25 43.3 05:25 14.4 00.0 00.02 00.0 10.3 10:34 WSW 29 53.6 063.8 13:01 47.1 08:10 11.4 00.0 00.06 00.6 20.7 12:45 SW 30 47.5 054.7 15:20 42.6 22:09 17.4 00.0 00.29 00.2 09.2 15:20 SW 31 47.0 053.3 15:17 43.1 23:37 17.9 00.0 00.00 00.1 06.9 13:27 WSW -------------------------------------------------------------------------------------------------------- 48.0 (50.2) 70.6 day 16 32.5 day 09 524.5 000.0 02.53 00.2 27.6 day 18 W Min <= 86: 31 Max Rain: 0.57 ON 18-12-24 Days of Rain: 16 (> .008in) 8 (> .08in) 0 (> 0.8in)